CRAN Package Check Results for Package genridge

Last updated on 2020-03-31 01:52:40 CEST.

Flavor Version Tinstall Tcheck Ttotal Status Flags
r-devel-linux-x86_64-debian-clang 0.6.7 6.30 46.10 52.40 OK
r-devel-linux-x86_64-debian-gcc 0.6.7 5.13 37.35 42.48 OK
r-devel-linux-x86_64-fedora-clang 0.6.7 61.66 OK
r-devel-linux-x86_64-fedora-gcc 0.6.7 61.03 OK
r-devel-windows-ix86+x86_64 0.6.7 10.00 58.00 68.00 OK
r-devel-windows-ix86+x86_64-gcc8 0.6.7 16.00 61.00 77.00 OK
r-patched-linux-x86_64 0.6.7 5.59 43.69 49.28 OK
r-patched-solaris-x86 0.6.7 99.90 OK
r-release-linux-x86_64 0.6.7 4.41 40.11 44.52 OK
r-release-windows-ix86+x86_64 0.6.7 21.00 86.00 107.00 OK
r-release-osx-x86_64 0.6.7 NOTE
r-oldrel-windows-ix86+x86_64 0.6.7 13.00 83.00 96.00 OK
r-oldrel-osx-x86_64 0.6.7 NOTE

Check Details

Version: 0.6.7
Check: dependencies in R code
Result: NOTE
    No protocol specified
Flavors: r-release-osx-x86_64, r-oldrel-osx-x86_64