CRAN Package Check Results for Package geometry

Last updated on 2020-06-01 01:50:57 CEST.

Flavor Version Tinstall Tcheck Ttotal Status Flags
r-devel-linux-x86_64-debian-clang 0.4.5 38.61 51.81 90.42 OK
r-devel-linux-x86_64-debian-gcc 0.4.5 28.41 41.18 69.59 OK
r-devel-linux-x86_64-fedora-clang 0.4.5 127.99 OK
r-devel-linux-x86_64-fedora-gcc 0.4.5 113.82 OK
r-devel-windows-ix86+x86_64 0.4.5 115.00 162.00 277.00 OK
r-patched-linux-x86_64 0.4.5 32.51 52.02 84.53 OK
r-patched-solaris-x86 0.4.5 128.20 OK
r-release-linux-x86_64 0.4.5 30.63 53.02 83.65 OK
r-release-osx-x86_64 0.4.5 OK
r-release-windows-ix86+x86_64 0.4.5 86.00 150.00 236.00 OK
r-oldrel-osx-x86_64 0.4.5 NOTE
r-oldrel-windows-ix86+x86_64 0.4.5 130.00 116.00 246.00 OK

Check Details

Version: 0.4.5
Check: dependencies in R code
Result: NOTE
    No protocol specified
Flavor: r-oldrel-osx-x86_64