CRAN Package Check Results for Package geometry

Last updated on 2019-10-22 01:49:27 CEST.

Flavor Version Tinstall Tcheck Ttotal Status Flags
r-devel-linux-x86_64-debian-clang 0.4.4 39.11 46.42 85.53 OK
r-devel-linux-x86_64-debian-gcc 0.4.4 25.18 37.25 62.43 OK
r-devel-linux-x86_64-fedora-clang 0.4.4 108.30 OK
r-devel-linux-x86_64-fedora-gcc 0.4.4 101.56 OK
r-devel-windows-ix86+x86_64 0.4.4 86.00 148.00 234.00 OK
r-patched-linux-x86_64 0.4.4 26.55 45.80 72.35 OK
r-patched-solaris-x86 0.4.4 122.70 OK
r-release-linux-x86_64 0.4.4 27.53 45.86 73.39 OK
r-release-windows-ix86+x86_64 0.4.4 109.00 110.00 219.00 OK
r-release-osx-x86_64 0.4.4 NOTE
r-oldrel-windows-ix86+x86_64 0.4.4 77.00 110.00 187.00 OK
r-oldrel-osx-x86_64 0.4.4 NOTE

Check Details

Version: 0.4.4
Check: dependencies in R code
Result: NOTE
    No protocol specified
Flavors: r-release-osx-x86_64, r-oldrel-osx-x86_64