CRAN Package Check Results for Package geosample

Last updated on 2019-06-16 01:46:33 CEST.

Flavor Version Tinstall Tcheck Ttotal Status Flags
r-devel-linux-x86_64-debian-clang 0.2.1 5.07 246.73 251.80 OK
r-devel-linux-x86_64-debian-gcc 0.2.1 4.40 188.14 192.54 OK
r-devel-linux-x86_64-fedora-clang 0.2.1 305.29 OK
r-devel-linux-x86_64-fedora-gcc 0.2.1 298.20 OK
r-devel-windows-ix86+x86_64 0.2.1 16.00 314.00 330.00 OK
r-patched-linux-x86_64 0.2.1 5.70 247.07 252.77 OK
r-patched-solaris-x86 0.2.1 331.00 WARN
r-release-linux-x86_64 0.2.1 5.76 245.84 251.60 OK
r-release-windows-ix86+x86_64 0.2.1 11.00 316.00 327.00 OK
r-release-osx-x86_64 0.2.1 OK
r-oldrel-windows-ix86+x86_64 0.2.1 6.00 321.00 327.00 OK
r-oldrel-osx-x86_64 0.2.1 OK

Check Details

Version: 0.2.1
Check: re-building of vignette outputs
Result: WARN
    Error(s) in re-building vignettes:
     ...
    --- re-building ‘geosample-vignette.Rnw’ using knitr
    Loading required package: sf
    Linking to GEOS 3.6.3, GDAL 2.2.4, PROJ 5.2.0
    Loading required package: sp
    Loading required package: geoR
    --------------------------------------------------------------
     Analysis of Geostatistical Data
     For an Introduction to geoR go to http://www.leg.ufpr.br/geoR
     geoR version 1.7-5.2.1 (built on 2016-05-02) is now loaded
    --------------------------------------------------------------
    
    Loading required package: maxLik
    Loading required package: miscTools
    
    Please cite the 'maxLik' package as:
    Henningsen, Arne and Toomet, Ott (2011). maxLik: A package for maximum likelihood estimation in R. Computational Statistics 26(3), 443-458. DOI 10.1007/s00180-010-0217-1.
    
    If you have questions, suggestions, or comments regarding the 'maxLik' package, please use a forum or 'tracker' at maxLik's R-Forge site:
    https://r-forge.r-project.org/projects/maxlik/
    Loading required package: raster
    
    Attaching package: 'raster'
    
    The following object is masked from 'package:maxLik':
    
     maxValue
    
    Loading required package: pdist
    Loading required package: Matrix
    Quitting from lines 476-516 (geosample-vignette.Rnw)
    Error: processing vignette 'geosample-vignette.Rnw' failed with diagnostics:
    cannot allocate vector of size 3.0 Gb
    --- failed re-building ‘geosample-vignette.Rnw’
    
    SUMMARY: processing the following file failed:
     ‘geosample-vignette.Rnw’
    
    Error: Vignette re-building failed.
    Execution halted
Flavor: r-patched-solaris-x86

Version: 0.2.1
Check: examples
Result: FAIL
    
Flavor: r-release-osx-x86_64