CRAN Package Check Results for Package getProxy

Last updated on 2019-10-18 01:46:26 CEST.

Flavor Version Tinstall Tcheck Ttotal Status Flags
r-devel-linux-x86_64-debian-clang 1.12 2.19 23.50 25.69 OK
r-devel-linux-x86_64-debian-gcc 1.12 2.08 18.75 20.83 OK
r-devel-linux-x86_64-fedora-clang 1.12 31.96 NOTE
r-devel-linux-x86_64-fedora-gcc 1.12 31.12 NOTE
r-devel-windows-ix86+x86_64 1.12 13.00 38.00 51.00 OK
r-patched-linux-x86_64 1.12 2.01 22.87 24.88 OK
r-patched-solaris-x86 1.12 53.10 NOTE
r-release-linux-x86_64 1.12 2.04 22.90 24.94 OK
r-release-windows-ix86+x86_64 1.12 6.00 52.00 58.00 OK
r-release-osx-x86_64 1.12 NOTE
r-oldrel-windows-ix86+x86_64 1.12 3.00 35.00 38.00 OK
r-oldrel-osx-x86_64 1.12 NOTE

Check Details

Version: 1.12
Check: dependencies in R code
Result: NOTE
    Namespaces in Imports field not imported from:
     ‘bitops’ ‘data.table’ ‘dplyr’ ‘httr’
     All declared Imports should be used.
Flavors: r-devel-linux-x86_64-fedora-clang, r-devel-linux-x86_64-fedora-gcc, r-patched-solaris-x86, r-release-osx-x86_64, r-oldrel-osx-x86_64