CRAN Package Check Results for Package getProxy

Last updated on 2020-05-28 01:53:17 CEST.

Flavor Version Tinstall Tcheck Ttotal Status Flags
r-devel-linux-x86_64-debian-clang 1.12 2.41 25.23 27.64 OK
r-devel-linux-x86_64-debian-gcc 1.12 1.99 20.21 22.20 OK
r-devel-linux-x86_64-fedora-clang 1.12 34.33 NOTE
r-devel-linux-x86_64-fedora-gcc 1.12 33.33 NOTE
r-devel-windows-ix86+x86_64 1.12 10.00 53.00 63.00 OK
r-patched-linux-x86_64 1.12 2.68 25.31 27.99 OK
r-patched-solaris-x86 1.12 56.60 NOTE
r-release-linux-x86_64 1.12 2.74 25.25 27.99 OK
r-release-osx-x86_64 1.12 NOTE
r-release-windows-ix86+x86_64 1.12 14.00 50.00 64.00 OK
r-oldrel-osx-x86_64 1.12 NOTE
r-oldrel-windows-ix86+x86_64 1.12 5.00 38.00 43.00 OK

Check Details

Version: 1.12
Check: dependencies in R code
Result: NOTE
    Namespaces in Imports field not imported from:
     ‘bitops’ ‘data.table’ ‘dplyr’ ‘httr’
     All declared Imports should be used.
Flavors: r-devel-linux-x86_64-fedora-clang, r-devel-linux-x86_64-fedora-gcc, r-patched-solaris-x86, r-release-osx-x86_64, r-oldrel-osx-x86_64