CRAN Package Check Results for Package gfer

Last updated on 2020-05-25 01:48:53 CEST.

Flavor Version Tinstall Tcheck Ttotal Status Flags
r-devel-linux-x86_64-debian-clang 0.1.10 9.10 77.93 87.03 OK
r-devel-linux-x86_64-debian-gcc 0.1.10 8.42 59.12 67.54 OK
r-devel-linux-x86_64-fedora-clang 0.1.10 82.88 NOTE
r-devel-linux-x86_64-fedora-gcc 0.1.10 80.79 NOTE
r-devel-windows-ix86+x86_64 0.1.10 45.00 90.00 135.00 OK
r-patched-linux-x86_64 0.1.10 9.73 75.73 85.46 OK
r-patched-solaris-x86 0.1.10 124.50 NOTE
r-release-linux-x86_64 0.1.10 7.73 74.16 81.89 OK
r-release-osx-x86_64 0.1.10 NOTE
r-release-windows-ix86+x86_64 0.1.10 33.00 144.00 177.00 OK
r-oldrel-osx-x86_64 0.1.10 NOTE
r-oldrel-windows-ix86+x86_64 0.1.10 18.00 113.00 131.00 OK

Check Details

Version: 0.1.10
Check: dependencies in R code
Result: NOTE
    Namespace in Imports field not imported from: ‘tidyr’
     All declared Imports should be used.
Flavors: r-devel-linux-x86_64-fedora-clang, r-devel-linux-x86_64-fedora-gcc, r-patched-solaris-x86, r-release-osx-x86_64, r-oldrel-osx-x86_64