CRAN Package Check Results for Package ggnetwork

Last updated on 2020-10-01 01:48:40 CEST.

Flavor Version Tinstall Tcheck Ttotal Status Flags
r-devel-linux-x86_64-debian-clang 0.5.8 4.39 64.26 68.65 OK
r-devel-linux-x86_64-debian-gcc 0.5.8 3.43 49.06 52.49 OK
r-devel-linux-x86_64-fedora-clang 0.5.8 89.32 NOTE
r-devel-linux-x86_64-fedora-gcc 0.5.8 85.04 NOTE
r-devel-windows-ix86+x86_64 0.5.8 12.00 79.00 91.00 OK
r-patched-linux-x86_64 0.5.8 4.26 59.18 63.44 OK
r-patched-solaris-x86 0.5.8 112.60 NOTE
r-release-linux-x86_64 0.5.8 4.15 59.81 63.96 OK
r-release-macos-x86_64 0.5.8 NOTE
r-release-windows-ix86+x86_64 0.5.8 11.00 85.00 96.00 OK
r-oldrel-macos-x86_64 0.5.8 NOTE
r-oldrel-windows-ix86+x86_64 0.5.8 9.00 87.00 96.00 OK

Check Details

Version: 0.5.8
Check: dependencies in R code
Result: NOTE
    Namespaces in Imports field not imported from:
     ‘sna’ ‘utils’
     All declared Imports should be used.
Flavors: r-devel-linux-x86_64-fedora-clang, r-devel-linux-x86_64-fedora-gcc, r-patched-solaris-x86, r-release-macos-x86_64, r-oldrel-macos-x86_64