CRAN Package Check Results for Package ggwordcloud

Last updated on 2020-06-03 01:50:47 CEST.

Flavor Version Tinstall Tcheck Ttotal Status Flags
r-devel-linux-x86_64-debian-clang 0.5.0 22.46 181.21 203.67 OK
r-devel-linux-x86_64-debian-gcc 0.5.0 17.26 136.86 154.12 OK
r-devel-linux-x86_64-fedora-clang 0.5.0 216.09 NOTE
r-devel-linux-x86_64-fedora-gcc 0.5.0 194.86 NOTE
r-devel-windows-ix86+x86_64 0.5.0 64.00 314.00 378.00 OK
r-patched-linux-x86_64 0.5.0 19.20 175.60 194.80 OK
r-patched-solaris-x86 0.5.0 253.00 NOTE
r-release-linux-x86_64 0.5.0 18.15 175.35 193.50 OK
r-release-osx-x86_64 0.5.0 NOTE
r-release-windows-ix86+x86_64 0.5.0 51.00 227.00 278.00 OK
r-oldrel-osx-x86_64 0.5.0 NOTE
r-oldrel-windows-ix86+x86_64 0.5.0 48.00 225.00 273.00 OK

Check Details

Version: 0.5.0
Check: data for non-ASCII characters
Result: NOTE
     Note: found 203 marked UTF-8 strings
Flavors: r-devel-linux-x86_64-fedora-clang, r-devel-linux-x86_64-fedora-gcc, r-patched-solaris-x86, r-release-osx-x86_64, r-oldrel-osx-x86_64