CRAN Package Check Results for Package gllvm

Last updated on 2019-10-19 01:50:13 CEST.

Flavor Version Tinstall Tcheck Ttotal Status Flags
r-devel-linux-x86_64-debian-clang 1.1.7 112.22 264.46 376.68 OK
r-devel-linux-x86_64-debian-gcc 1.1.7 98.02 204.78 302.80 OK
r-devel-linux-x86_64-fedora-clang 1.1.7 485.67 NOTE
r-devel-linux-x86_64-fedora-gcc 1.1.7 496.10 OK
r-devel-windows-ix86+x86_64 1.1.7 199.00 433.00 632.00 NOTE
r-patched-linux-x86_64 1.1.7 94.93 272.63 367.56 OK
r-patched-solaris-x86 1.1.7 586.30 OK
r-release-linux-x86_64 1.1.7 96.60 270.09 366.69 OK
r-release-windows-ix86+x86_64 1.1.7 149.00 543.00 692.00 NOTE
r-release-osx-x86_64 1.1.7 NOTE
r-oldrel-windows-ix86+x86_64 1.1.7 136.00 421.00 557.00 NOTE
r-oldrel-osx-x86_64 1.1.7 NOTE

Check Details

Version: 1.1.7
Check: installed package size
Result: NOTE
     installed size is 28.0Mb
     sub-directories of 1Mb or more:
     libs 26.9Mb
Flavors: r-devel-linux-x86_64-fedora-clang, r-devel-windows-ix86+x86_64, r-release-windows-ix86+x86_64, r-release-osx-x86_64, r-oldrel-windows-ix86+x86_64, r-oldrel-osx-x86_64