CRAN Package Check Results for Package gllvm

Last updated on 2020-05-28 01:53:18 CEST.

Flavor Version Tinstall Tcheck Ttotal Status Flags
r-devel-linux-x86_64-debian-clang 1.2.2 150.66 447.62 598.28 OK
r-devel-linux-x86_64-debian-gcc 1.2.2 144.14 322.88 467.02 OK
r-devel-linux-x86_64-fedora-clang 1.2.2 765.25 NOTE
r-devel-linux-x86_64-fedora-gcc 1.2.2 785.22 OK
r-devel-windows-ix86+x86_64 1.2.2 317.00 784.00 1101.00 NOTE
r-patched-linux-x86_64 1.2.2 158.48 459.23 617.71 OK
r-patched-solaris-x86 1.2.2 1139.50 OK
r-release-linux-x86_64 1.2.2 154.10 453.96 608.06 OK
r-release-osx-x86_64 1.2.2 NOTE
r-release-windows-ix86+x86_64 1.2.2 243.00 781.00 1024.00 NOTE
r-oldrel-osx-x86_64 1.2.2 NOTE
r-oldrel-windows-ix86+x86_64 1.2.2 240.00 609.00 849.00 NOTE

Check Details

Version: 1.2.2
Check: installed package size
Result: NOTE
     installed size is 49.5Mb
     sub-directories of 1Mb or more:
     libs 48.3Mb
Flavors: r-devel-linux-x86_64-fedora-clang, r-devel-windows-ix86+x86_64, r-release-osx-x86_64, r-release-windows-ix86+x86_64, r-oldrel-osx-x86_64, r-oldrel-windows-ix86+x86_64