CRAN Package Check Results for Package gogarch

Last updated on 2019-10-17 02:47:24 CEST.

Flavor Version Tinstall Tcheck Ttotal Status Flags
r-devel-linux-x86_64-debian-clang 0.7-2 8.90 49.80 58.70 NOTE
r-devel-linux-x86_64-debian-gcc 0.7-2 9.40 40.53 49.93 NOTE
r-devel-linux-x86_64-fedora-clang 0.7-2 71.81 NOTE
r-devel-linux-x86_64-fedora-gcc 0.7-2 71.24 NOTE
r-devel-windows-ix86+x86_64 0.7-2 23.00 61.00 84.00 NOTE
r-patched-linux-x86_64 0.7-2 9.53 49.32 58.85 NOTE
r-patched-solaris-x86 0.7-2 108.90 NOTE
r-release-linux-x86_64 0.7-2 11.12 49.55 60.67 NOTE
r-release-windows-ix86+x86_64 0.7-2 15.00 93.00 108.00 NOTE
r-release-osx-x86_64 0.7-2 NOTE
r-oldrel-windows-ix86+x86_64 0.7-2 12.00 61.00 73.00 NOTE
r-oldrel-osx-x86_64 0.7-2 NOTE

Check Details

Version: 0.7-2
Check: DESCRIPTION meta-information
Result: NOTE
    Malformed Description field: should contain one or more complete sentences.
Flavors: r-devel-linux-x86_64-debian-clang, r-devel-linux-x86_64-debian-gcc, r-devel-linux-x86_64-fedora-clang, r-devel-linux-x86_64-fedora-gcc, r-devel-windows-ix86+x86_64, r-patched-linux-x86_64, r-patched-solaris-x86, r-release-linux-x86_64, r-release-windows-ix86+x86_64, r-release-osx-x86_64, r-oldrel-windows-ix86+x86_64, r-oldrel-osx-x86_64

Version: 0.7-2
Check: dependencies in R code
Result: NOTE
    Packages in Depends field not imported from:
     'fGarch' 'fastICA'
     These packages need to be imported from (in the NAMESPACE file)
     for when this namespace is loaded but not attached.
Flavors: r-devel-linux-x86_64-debian-clang, r-devel-linux-x86_64-debian-gcc, r-devel-linux-x86_64-fedora-clang, r-devel-linux-x86_64-fedora-gcc, r-devel-windows-ix86+x86_64, r-patched-linux-x86_64, r-patched-solaris-x86, r-release-linux-x86_64, r-release-windows-ix86+x86_64, r-release-osx-x86_64, r-oldrel-windows-ix86+x86_64, r-oldrel-osx-x86_64

Version: 0.7-2
Check: R code for possible problems
Result: NOTE
    UprodR: no visible global function definition for 'combn'
    goinit: no visible global function definition for 'as.formula'
    ccor,GoGARCH : <anonymous>: no visible global function definition for
     'cov2cor'
    ccor,Gopredict : <anonymous>: no visible global function definition for
     'cov2cor'
    goest,Goestica: no visible global function definition for 'fastICA'
    goest,Goestml: no visible global function definition for 'nlminb'
    goest,Goestmm : <anonymous>: no visible global function definition for
     'combn'
    goest,Goestnls: no visible global function definition for 'optim'
    show,Goinit: no visible global function definition for 'head'
    show,Gopredict: no visible global function definition for 'head'
    update,GoGARCH: no visible global function definition for
     'update.formula'
    update,Goestica: no visible global function definition for
     'update.formula'
    update,Goestml: no visible global function definition for
     'update.formula'
    update,Goestmm: no visible global function definition for
     'update.formula'
    update,Goestnls: no visible global function definition for
     'update.formula'
    Undefined global functions or variables:
     as.formula combn cov2cor fastICA head nlminb optim update.formula
    Consider adding
     importFrom("stats", "as.formula", "cov2cor", "nlminb", "optim",
     "update.formula")
     importFrom("utils", "combn", "head")
    to your NAMESPACE file.
Flavors: r-devel-linux-x86_64-debian-clang, r-devel-linux-x86_64-debian-gcc, r-devel-linux-x86_64-fedora-clang, r-devel-linux-x86_64-fedora-gcc, r-devel-windows-ix86+x86_64, r-patched-linux-x86_64, r-patched-solaris-x86, r-release-linux-x86_64, r-release-windows-ix86+x86_64, r-release-osx-x86_64, r-oldrel-windows-ix86+x86_64, r-oldrel-osx-x86_64