CRAN Package Check Results for Package goric

Last updated on 2020-05-28 01:53:18 CEST.

Flavor Version Tinstall Tcheck Ttotal Status Flags
r-devel-linux-x86_64-debian-clang 1.1-0 8.13 90.14 98.27 OK
r-devel-linux-x86_64-debian-gcc 1.1-0 7.46 68.75 76.21 WARN
r-devel-linux-x86_64-fedora-clang 1.1-0 131.08 WARN
r-devel-linux-x86_64-fedora-gcc 1.1-0 125.86 WARN
r-devel-windows-ix86+x86_64 1.1-0 18.00 126.00 144.00 OK
r-patched-linux-x86_64 1.1-0 8.51 90.41 98.92 OK
r-patched-solaris-x86 1.1-0 167.40 OK
r-release-linux-x86_64 1.1-0 9.89 89.67 99.56 OK
r-release-osx-x86_64 1.1-0 OK
r-release-windows-ix86+x86_64 1.1-0 16.00 130.00 146.00 OK
r-oldrel-osx-x86_64 1.1-0 OK
r-oldrel-windows-ix86+x86_64 1.1-0 18.00 95.00 113.00 OK

Check Details

Version: 1.1-0
Check: whether package can be installed
Result: WARN
    Found the following significant warnings:
     Warning: S4 exports specified in 'NAMESPACE' but not defined in package ‘goric’
Flavors: r-devel-linux-x86_64-debian-gcc, r-devel-linux-x86_64-fedora-clang, r-devel-linux-x86_64-fedora-gcc

Version: 1.1-0
Check: whether the namespace can be loaded with stated dependencies
Result: NOTE
    Warning: S4 exports specified in 'NAMESPACE' but not defined in package ‘goric’
    
    A namespace must be able to be loaded with just the base namespace
    loaded: otherwise if the namespace gets loaded by a saved object, the
    session will be unable to start.
    
    Probably some imports need to be declared in the NAMESPACE file.
Flavors: r-devel-linux-x86_64-debian-gcc, r-devel-linux-x86_64-fedora-clang, r-devel-linux-x86_64-fedora-gcc