CRAN Package Check Results for Package greport

Last updated on 2019-08-19 03:46:50 CEST.

Flavor Version Tinstall Tcheck Ttotal Status Flags
r-devel-linux-x86_64-debian-clang 0.7-1 12.60 94.75 107.35 NOTE
r-devel-linux-x86_64-debian-gcc 0.7-1 11.86 73.33 85.19 NOTE
r-devel-linux-x86_64-fedora-clang 0.7-1 127.95 NOTE
r-devel-linux-x86_64-fedora-gcc 0.7-1 123.97 NOTE
r-devel-windows-ix86+x86_64 0.7-1 39.00 160.00 199.00 NOTE
r-patched-linux-x86_64 0.7-1 12.07 90.19 102.26 NOTE
r-patched-solaris-x86 0.7-1 200.20 NOTE
r-release-linux-x86_64 0.7-1 13.95 92.67 106.62 NOTE
r-release-windows-ix86+x86_64 0.7-1 23.00 104.00 127.00 NOTE
r-release-osx-x86_64 0.7-1 NOTE
r-oldrel-windows-ix86+x86_64 0.7-1 22.00 138.00 160.00 NOTE
r-oldrel-osx-x86_64 0.7-1 NOTE

Check Details

Version: 0.7-1
Check: R code for possible problems
Result: NOTE
    accrualReport: multiple local function definitions for 'gg' with
     different formal arguments
Flavors: r-devel-linux-x86_64-debian-clang, r-devel-linux-x86_64-debian-gcc, r-devel-linux-x86_64-fedora-clang, r-devel-linux-x86_64-fedora-gcc, r-devel-windows-ix86+x86_64, r-patched-linux-x86_64, r-patched-solaris-x86, r-release-linux-x86_64, r-release-windows-ix86+x86_64, r-release-osx-x86_64, r-oldrel-windows-ix86+x86_64, r-oldrel-osx-x86_64