CRAN Package Check Results for Package greport

Last updated on 2019-12-06 01:46:33 CET.

Flavor Version Tinstall Tcheck Ttotal Status Flags
r-devel-linux-x86_64-debian-clang 0.7-1 15.46 105.16 120.62 NOTE
r-devel-linux-x86_64-debian-gcc 0.7-1 12.76 81.87 94.63 NOTE
r-devel-linux-x86_64-fedora-clang 0.7-1 127.28 NOTE
r-devel-linux-x86_64-fedora-gcc 0.7-1 125.54 NOTE
r-devel-windows-ix86+x86_64 0.7-1 29.00 152.00 181.00 NOTE
r-devel-windows-ix86+x86_64-gcc8 0.7-1 31.00 112.00 143.00 NOTE
r-patched-linux-x86_64 0.7-1 12.05 91.06 103.11 NOTE
r-patched-solaris-x86 0.7-1 191.30 NOTE
r-release-linux-x86_64 0.7-1 9.32 91.25 100.57 NOTE
r-release-windows-ix86+x86_64 0.7-1 26.00 101.00 127.00 NOTE
r-release-osx-x86_64 0.7-1 NOTE
r-oldrel-windows-ix86+x86_64 0.7-1 17.00 101.00 118.00 NOTE
r-oldrel-osx-x86_64 0.7-1 NOTE

Check Details

Version: 0.7-1
Check: R code for possible problems
Result: NOTE
    accrualReport: multiple local function definitions for 'gg' with
     different formal arguments
Flavors: r-devel-linux-x86_64-debian-clang, r-devel-linux-x86_64-debian-gcc, r-devel-linux-x86_64-fedora-clang, r-devel-linux-x86_64-fedora-gcc, r-devel-windows-ix86+x86_64, r-devel-windows-ix86+x86_64-gcc8, r-patched-linux-x86_64, r-patched-solaris-x86, r-release-linux-x86_64, r-release-windows-ix86+x86_64, r-release-osx-x86_64, r-oldrel-windows-ix86+x86_64, r-oldrel-osx-x86_64