CRAN Package Check Results for Package grf

Last updated on 2020-05-29 01:50:10 CEST.

Flavor Version Tinstall Tcheck Ttotal Status Flags
r-devel-linux-x86_64-debian-clang 1.1.0 212.86 80.90 293.76 NOTE
r-devel-linux-x86_64-debian-gcc 1.1.0 153.31 66.19 219.50 NOTE
r-devel-linux-x86_64-fedora-clang 1.1.0 426.65 NOTE
r-devel-linux-x86_64-fedora-gcc 1.1.0 364.59 NOTE
r-devel-windows-ix86+x86_64 1.1.0 552.00 144.00 696.00 NOTE
r-patched-linux-x86_64 1.1.0 176.69 83.15 259.84 NOTE
r-patched-solaris-x86 1.1.0 464.10 NOTE
r-release-linux-x86_64 1.1.0 171.15 84.78 255.93 NOTE
r-release-osx-x86_64 1.1.0 NOTE
r-release-windows-ix86+x86_64 1.1.0 396.00 164.00 560.00 NOTE
r-oldrel-osx-x86_64 1.1.0 NOTE
r-oldrel-windows-ix86+x86_64 1.1.0 435.00 129.00 564.00 NOTE

Check Details

Version: 1.1.0
Check: for GNU extensions in Makefiles
Result: NOTE
    GNU make is a SystemRequirements.
Flavors: r-devel-linux-x86_64-debian-clang, r-devel-linux-x86_64-debian-gcc, r-devel-linux-x86_64-fedora-clang, r-devel-linux-x86_64-fedora-gcc, r-devel-windows-ix86+x86_64, r-patched-linux-x86_64, r-patched-solaris-x86, r-release-linux-x86_64, r-release-osx-x86_64, r-release-windows-ix86+x86_64, r-oldrel-osx-x86_64, r-oldrel-windows-ix86+x86_64

Version: 1.1.0
Check: installed package size
Result: NOTE
     installed size is 16.1Mb
     sub-directories of 1Mb or more:
     libs 15.8Mb
Flavors: r-devel-linux-x86_64-fedora-clang, r-release-osx-x86_64, r-oldrel-osx-x86_64