CRAN Package Check Results for Package grf

Last updated on 2019-10-23 03:48:28 CEST.

Flavor Version Tinstall Tcheck Ttotal Status Flags
r-devel-linux-x86_64-debian-clang 0.10.4 186.63 73.52 260.15 NOTE
r-devel-linux-x86_64-debian-gcc 0.10.4 134.29 59.21 193.50 NOTE
r-devel-linux-x86_64-fedora-clang 0.10.4 382.68 NOTE
r-devel-linux-x86_64-fedora-gcc 0.10.4 356.02 NOTE
r-devel-windows-ix86+x86_64 0.10.4 379.00 160.00 539.00 NOTE
r-patched-linux-x86_64 0.10.4 148.26 77.66 225.92 NOTE
r-patched-solaris-x86 0.10.4 367.10 NOTE
r-release-linux-x86_64 0.10.4 145.46 77.62 223.08 NOTE
r-release-windows-ix86+x86_64 0.10.4 493.00 127.00 620.00 NOTE
r-release-osx-x86_64 0.10.4 NOTE
r-oldrel-windows-ix86+x86_64 0.10.4 487.00 151.00 638.00 NOTE
r-oldrel-osx-x86_64 0.10.4 NOTE

Check Details

Version: 0.10.4
Check: for GNU extensions in Makefiles
Result: NOTE
    GNU make is a SystemRequirements.
Flavors: r-devel-linux-x86_64-debian-clang, r-devel-linux-x86_64-debian-gcc, r-devel-linux-x86_64-fedora-clang, r-devel-linux-x86_64-fedora-gcc, r-devel-windows-ix86+x86_64, r-patched-linux-x86_64, r-patched-solaris-x86, r-release-linux-x86_64, r-release-windows-ix86+x86_64, r-release-osx-x86_64, r-oldrel-windows-ix86+x86_64, r-oldrel-osx-x86_64

Version: 0.10.4
Check: installed package size
Result: NOTE
     installed size is 13.2Mb
     sub-directories of 1Mb or more:
     libs 12.9Mb
Flavors: r-devel-linux-x86_64-fedora-clang, r-release-osx-x86_64, r-oldrel-osx-x86_64