CRAN Package Check Results for Package gridBase

Last updated on 2020-05-28 01:53:18 CEST.

Flavor Version Tinstall Tcheck Ttotal Status Flags
r-devel-linux-x86_64-debian-clang 0.4-7 1.87 24.16 26.03 NOTE
r-devel-linux-x86_64-debian-gcc 0.4-7 1.72 19.15 20.87 NOTE
r-devel-linux-x86_64-fedora-clang 0.4-7 33.06 NOTE
r-devel-linux-x86_64-fedora-gcc 0.4-7 31.94 NOTE
r-devel-windows-ix86+x86_64 0.4-7 5.00 42.00 47.00 NOTE
r-patched-linux-x86_64 0.4-7 2.04 24.19 26.23 NOTE
r-patched-solaris-x86 0.4-7 47.00 NOTE
r-release-linux-x86_64 0.4-7 1.85 24.05 25.90 NOTE
r-release-osx-x86_64 0.4-7 NOTE
r-release-windows-ix86+x86_64 0.4-7 5.00 47.00 52.00 NOTE
r-oldrel-osx-x86_64 0.4-7 NOTE
r-oldrel-windows-ix86+x86_64 0.4-7 7.00 38.00 45.00 NOTE

Check Details

Version: 0.4-7
Check: DESCRIPTION meta-information
Result: NOTE
    Malformed Description field: should contain one or more complete sentences.
Flavors: r-devel-linux-x86_64-debian-clang, r-devel-linux-x86_64-debian-gcc, r-devel-linux-x86_64-fedora-clang, r-devel-linux-x86_64-fedora-gcc, r-devel-windows-ix86+x86_64, r-patched-linux-x86_64, r-patched-solaris-x86, r-release-linux-x86_64, r-release-osx-x86_64, r-release-windows-ix86+x86_64, r-oldrel-osx-x86_64, r-oldrel-windows-ix86+x86_64