CRAN Package Check Results for Package gridBase

Last updated on 2019-10-18 01:46:27 CEST.

Flavor Version Tinstall Tcheck Ttotal Status Flags
r-devel-linux-x86_64-debian-clang 0.4-7 1.61 22.08 23.69 NOTE
r-devel-linux-x86_64-debian-gcc 0.4-7 1.50 18.19 19.69 NOTE
r-devel-linux-x86_64-fedora-clang 0.4-7 30.77 NOTE
r-devel-linux-x86_64-fedora-gcc 0.4-7 30.21 NOTE
r-devel-windows-ix86+x86_64 0.4-7 7.00 38.00 45.00 NOTE
r-patched-linux-x86_64 0.4-7 1.53 21.98 23.51 NOTE
r-patched-solaris-x86 0.4-7 47.10 NOTE
r-release-linux-x86_64 0.4-7 1.40 21.94 23.34 NOTE
r-release-windows-ix86+x86_64 0.4-7 3.00 48.00 51.00 NOTE
r-release-osx-x86_64 0.4-7 NOTE
r-oldrel-windows-ix86+x86_64 0.4-7 3.00 34.00 37.00 NOTE
r-oldrel-osx-x86_64 0.4-7 NOTE

Check Details

Version: 0.4-7
Check: DESCRIPTION meta-information
Result: NOTE
    Malformed Description field: should contain one or more complete sentences.
Flavors: r-devel-linux-x86_64-debian-clang, r-devel-linux-x86_64-debian-gcc, r-devel-linux-x86_64-fedora-clang, r-devel-linux-x86_64-fedora-gcc, r-devel-windows-ix86+x86_64, r-patched-linux-x86_64, r-patched-solaris-x86, r-release-linux-x86_64, r-release-windows-ix86+x86_64, r-release-osx-x86_64, r-oldrel-windows-ix86+x86_64, r-oldrel-osx-x86_64