CRAN Package Check Results for Package groupedSurv

Last updated on 2020-10-01 01:48:40 CEST.

Flavor Version Tinstall Tcheck Ttotal Status Flags
r-devel-linux-x86_64-debian-clang 1.0.4.1 105.85 54.91 160.76 OK
r-devel-linux-x86_64-debian-gcc 1.0.4.1 75.70 44.28 119.98 OK
r-devel-linux-x86_64-fedora-clang 1.0.4.1 245.84 NOTE
r-devel-linux-x86_64-fedora-gcc 1.0.4.1 208.80 OK
r-devel-windows-ix86+x86_64 1.0.4.1 245.00 110.00 355.00 OK
r-patched-linux-x86_64 1.0.4.1 95.10 52.85 147.95 OK
r-patched-solaris-x86 1.0.4.1 184.40 OK
r-release-linux-x86_64 1.0.4.1 91.99 53.62 145.61 OK
r-release-macos-x86_64 1.0.4.1 NOTE
r-release-windows-ix86+x86_64 1.0.4.1 250.00 114.00 364.00 OK
r-oldrel-macos-x86_64 1.0.4.1 NOTE
r-oldrel-windows-ix86+x86_64 1.0.4.1 218.00 109.00 327.00 OK

Check Details

Version: 1.0.4.1
Check: installed package size
Result: NOTE
     installed size is 9.3Mb
     sub-directories of 1Mb or more:
     libs 8.9Mb
Flavors: r-devel-linux-x86_64-fedora-clang, r-release-macos-x86_64, r-oldrel-macos-x86_64