CRAN Package Check Results for Package gwdegree

Last updated on 2020-06-07 01:48:14 CEST.

Flavor Version Tinstall Tcheck Ttotal Status Flags
r-devel-linux-x86_64-debian-clang 0.1.1 9.99 89.57 99.56 NOTE
r-devel-linux-x86_64-debian-gcc 0.1.1 8.93 68.40 77.33 NOTE
r-devel-linux-x86_64-fedora-clang 0.1.1 126.25 NOTE
r-devel-linux-x86_64-fedora-gcc 0.1.1 117.90 NOTE
r-devel-windows-ix86+x86_64 0.1.1 40.00 138.00 178.00 NOTE
r-patched-linux-x86_64 0.1.1 10.32 88.19 98.51 NOTE
r-patched-solaris-x86 0.1.1 180.70 NOTE
r-release-linux-x86_64 0.1.1 9.08 89.16 98.24 NOTE
r-release-osx-x86_64 0.1.1 NOTE
r-release-windows-ix86+x86_64 0.1.1 51.00 155.00 206.00 NOTE
r-oldrel-osx-x86_64 0.1.1 OK
r-oldrel-windows-ix86+x86_64 0.1.1 27.00 130.00 157.00 NOTE

Check Details

Version: 0.1.1
Check: R code for possible problems
Result: NOTE
    simCCCent : <anonymous>: no visible global function definition for
     'simulate.formula'
    Undefined global functions or variables:
     simulate.formula
Flavors: r-devel-linux-x86_64-debian-clang, r-devel-linux-x86_64-debian-gcc, r-devel-linux-x86_64-fedora-clang, r-devel-linux-x86_64-fedora-gcc, r-devel-windows-ix86+x86_64, r-patched-linux-x86_64, r-patched-solaris-x86, r-release-linux-x86_64, r-release-osx-x86_64, r-release-windows-ix86+x86_64, r-oldrel-windows-ix86+x86_64