CRAN Package Check Results for Package harrietr

Last updated on 2020-10-01 01:48:41 CEST.

Flavor Version Tinstall Tcheck Ttotal Status Flags
r-devel-linux-x86_64-debian-clang 0.2.3 6.25 50.98 57.23 OK
r-devel-linux-x86_64-debian-gcc 0.2.3 5.17 39.58 44.75 OK
r-devel-linux-x86_64-fedora-clang 0.2.3 81.61 OK
r-devel-linux-x86_64-fedora-gcc 0.2.3 68.65 OK
r-devel-windows-ix86+x86_64 0.2.3 16.00 66.00 82.00 OK
r-patched-linux-x86_64 0.2.3 4.83 46.76 51.59 OK
r-patched-solaris-x86 0.2.3 93.80 OK
r-release-linux-x86_64 0.2.3 5.99 47.10 53.09 OK
r-release-macos-x86_64 0.2.3 ERROR
r-release-windows-ix86+x86_64 0.2.3 16.00 69.00 85.00 OK
r-oldrel-macos-x86_64 0.2.3 OK
r-oldrel-windows-ix86+x86_64 0.2.3 14.00 68.00 82.00 OK

Check Details

Version: 0.2.3
Check: package dependencies
Result: ERROR
    Package required but not available: ‘ggtree’
    
    See section ‘The DESCRIPTION file’ in the ‘Writing R Extensions’
    manual.
Flavor: r-release-macos-x86_64