CRAN Package Check Results for Package heplots

Last updated on 2019-09-24 01:49:59 CEST.

Flavor Version Tinstall Tcheck Ttotal Status Flags
r-devel-linux-x86_64-debian-clang 1.3-5 6.54 109.30 115.84 NOTE
r-devel-linux-x86_64-debian-gcc 1.3-5 6.30 80.69 86.99 NOTE
r-devel-linux-x86_64-fedora-clang 1.3-5 142.65 NOTE
r-devel-linux-x86_64-fedora-gcc 1.3-5 144.07 NOTE
r-devel-windows-ix86+x86_64 1.3-5 25.00 199.00 224.00 OK
r-patched-linux-x86_64 1.3-5 7.29 105.49 112.78 NOTE
r-patched-solaris-x86 1.3-5 181.00 NOTE
r-release-linux-x86_64 1.3-5 5.79 105.54 111.33 NOTE
r-release-windows-ix86+x86_64 1.3-5 31.00 208.00 239.00 OK
r-release-osx-x86_64 1.3-5 NOTE
r-oldrel-windows-ix86+x86_64 1.3-5 12.00 134.00 146.00 OK
r-oldrel-osx-x86_64 1.3-5 OK

Check Details

Version: 1.3-5
Check: package dependencies
Result: NOTE
    Package suggested but not available for checking: 'FRB'
Flavors: r-devel-linux-x86_64-debian-clang, r-devel-linux-x86_64-debian-gcc, r-devel-linux-x86_64-fedora-clang, r-devel-linux-x86_64-fedora-gcc, r-patched-linux-x86_64, r-patched-solaris-x86, r-release-linux-x86_64

Version: 1.3-5
Check: package dependencies
Result: NOTE
    Packages suggested but not available for checking: 'rgl', 'FRB'
Flavor: r-release-osx-x86_64