CRAN Package Check Results for Package heplots

Last updated on 2020-05-26 01:57:51 CEST.

Flavor Version Tinstall Tcheck Ttotal Status Flags
r-devel-linux-x86_64-debian-clang 1.3-5 9.39 127.48 136.87 NOTE
r-devel-linux-x86_64-debian-gcc 1.3-5 7.57 94.69 102.26 NOTE
r-devel-linux-x86_64-fedora-clang 1.3-5 174.36 NOTE
r-devel-linux-x86_64-fedora-gcc 1.3-5 165.02 NOTE
r-devel-windows-ix86+x86_64 1.3-5 23.00 154.00 177.00 NOTE
r-patched-linux-x86_64 1.3-5 9.55 123.57 133.12 NOTE
r-patched-solaris-x86 1.3-5 196.90 NOTE
r-release-linux-x86_64 1.3-5 8.40 124.74 133.14 NOTE
r-release-osx-x86_64 1.3-5 NOTE
r-release-windows-ix86+x86_64 1.3-5 20.00 204.00 224.00 NOTE
r-oldrel-osx-x86_64 1.3-5 NOTE
r-oldrel-windows-ix86+x86_64 1.3-5 18.00 197.00 215.00 OK

Check Details

Version: 1.3-5
Check: package dependencies
Result: NOTE
    Package suggested but not available for checking: 'FRB'
Flavors: r-devel-linux-x86_64-debian-clang, r-devel-linux-x86_64-debian-gcc, r-devel-linux-x86_64-fedora-clang, r-devel-linux-x86_64-fedora-gcc, r-devel-windows-ix86+x86_64, r-patched-linux-x86_64, r-patched-solaris-x86, r-release-linux-x86_64, r-release-osx-x86_64, r-release-windows-ix86+x86_64

Version: 1.3-5
Check: package dependencies
Result: NOTE
    Packages suggested but not available for checking: 'rgl', 'FRB'
Flavor: r-oldrel-osx-x86_64