CRAN Package Check Results for Package highD2pop

Last updated on 2019-10-22 01:49:28 CEST.

Flavor Version Tinstall Tcheck Ttotal Status Flags
r-devel-linux-x86_64-debian-clang 1.0 8.89 65.18 74.07 NOTE
r-devel-linux-x86_64-debian-gcc 1.0 6.46 52.07 58.53 NOTE
r-devel-linux-x86_64-fedora-clang 1.0 90.29 NOTE
r-devel-linux-x86_64-fedora-gcc 1.0 88.42 NOTE
r-devel-windows-ix86+x86_64 1.0 17.00 141.00 158.00 NOTE
r-patched-linux-x86_64 1.0 7.42 63.43 70.85 NOTE
r-patched-solaris-x86 1.0 144.30 NOTE
r-release-linux-x86_64 1.0 8.07 64.16 72.23 NOTE
r-release-windows-ix86+x86_64 1.0 23.00 103.00 126.00 NOTE
r-release-osx-x86_64 1.0 NOTE
r-oldrel-windows-ix86+x86_64 1.0 13.00 86.00 99.00 NOTE
r-oldrel-osx-x86_64 1.0 NOTE

Check Details

Version: 1.0
Check: R code for possible problems
Result: NOTE
    CLX.sim.Covtest: no visible global function definition for 'cov'
    CLX.sim.equalcov: no visible global function definition for 'cov'
    CLX.sim.unequalcov: no visible global function definition for 'cov'
    CLX.test.equalcov: no visible global function definition for 'cov'
    CLX.test.unequalcov: no visible global function definition for 'cov'
    ChenQin.sim: no visible global function definition for 'pnorm'
    ChenQin.test: no visible global function definition for 'pnorm'
    GCT.sim: no visible binding for global variable 'var'
    GCT.sim: no visible global function definition for 'acf'
    GCT.sim: no visible global function definition for 'pnorm'
    GCT.test: no visible binding for global variable 'var'
    GCT.test: no visible global function definition for 'acf'
    GCT.test: no visible global function definition for 'pnorm'
    GCT.test.missing: no visible binding for global variable 'var'
    GCT.test.missing: no visible global function definition for 'acf'
    GCT.test.missing: no visible global function definition for 'pnorm'
    SK.sim: no visible global function definition for 'cov'
    SK.sim: no visible global function definition for 'pnorm'
    SK.test: no visible global function definition for 'cov'
    SK.test: no visible global function definition for 'pnorm'
    build2popData : <anonymous>: no visible global function definition for
     'rnorm'
    build2popData: no visible global function definition for 'arima.sim'
    build2popData_muYafunction : <anonymous>: no visible global function
     definition for 'rnorm'
    build2popData_muYafunction: no visible global function definition for
     'arima.sim'
    innovate: no visible binding for global variable 'rnorm'
    rdblepareto: no visible global function definition for 'runif'
    rgammashift: no visible global function definition for 'rgamma'
    Undefined global functions or variables:
     acf arima.sim cov pnorm rgamma rnorm runif var
    Consider adding
     importFrom("stats", "acf", "arima.sim", "cov", "pnorm", "rgamma",
     "rnorm", "runif", "var")
    to your NAMESPACE file.
Flavors: r-devel-linux-x86_64-debian-clang, r-devel-linux-x86_64-debian-gcc, r-devel-linux-x86_64-fedora-clang, r-devel-linux-x86_64-fedora-gcc, r-devel-windows-ix86+x86_64, r-patched-linux-x86_64, r-patched-solaris-x86, r-release-linux-x86_64, r-release-windows-ix86+x86_64, r-release-osx-x86_64, r-oldrel-windows-ix86+x86_64, r-oldrel-osx-x86_64

Version: 1.0
Check: compiled code
Result: NOTE
    File ‘highD2pop/libs/highD2pop.so’:
     Found no calls to: ‘R_registerRoutines’, ‘R_useDynamicSymbols’
    
    It is good practice to register native routines and to disable symbol
    search.
    
    See ‘Writing portable packages’ in the ‘Writing R Extensions’ manual.
Flavors: r-devel-linux-x86_64-fedora-clang, r-devel-linux-x86_64-fedora-gcc