CRAN Package Check Results for Package highriskzone

Last updated on 2020-03-29 01:48:56 CET.

Flavor Version Tinstall Tcheck Ttotal Status Flags
r-devel-linux-x86_64-debian-clang 1.4.5 NOTE
r-devel-linux-x86_64-debian-gcc 1.4.5 10.70 86.55 97.25 NOTE
r-devel-linux-x86_64-fedora-clang 1.4.5 158.16 OK
r-devel-linux-x86_64-fedora-gcc 1.4.5 150.20 OK
r-devel-windows-ix86+x86_64 1.4.5 27.00 121.00 148.00 OK
r-devel-windows-ix86+x86_64-gcc8 1.4.5 26.00 132.00 158.00 OK
r-patched-linux-x86_64 1.4.5 11.22 108.62 119.84 NOTE
r-patched-solaris-x86 1.4.5 269.10 NOTE
r-release-linux-x86_64 1.4.5 9.48 100.74 110.22 NOTE
r-release-windows-ix86+x86_64 1.4.5 30.00 166.00 196.00 OK
r-release-osx-x86_64 1.4.5 NOTE
r-oldrel-windows-ix86+x86_64 1.4.5 19.00 157.00 176.00 OK
r-oldrel-osx-x86_64 1.4.5 NOTE

Check Details

Version: 1.4.5
Check: package dependencies
Result: NOTE
    Package suggested but not available for checking: 'INLA'
Flavors: r-devel-linux-x86_64-debian-clang, r-devel-linux-x86_64-debian-gcc, r-patched-linux-x86_64, r-patched-solaris-x86, r-release-linux-x86_64, r-release-osx-x86_64, r-oldrel-osx-x86_64