CRAN Package Check Results for Package hmlasso

Last updated on 2020-05-25 01:48:54 CEST.

Flavor Version Tinstall Tcheck Ttotal Status Flags
r-devel-linux-x86_64-debian-clang 0.0.1 25.90 79.57 105.47 OK
r-devel-linux-x86_64-debian-gcc 0.0.1 21.27 61.18 82.45 OK
r-devel-linux-x86_64-fedora-clang 0.0.1 131.98 NOTE
r-devel-linux-x86_64-fedora-gcc 0.0.1 128.94 NOTE
r-patched-linux-x86_64 0.0.1 21.00 78.88 99.88 OK
r-patched-solaris-x86 0.0.1 172.30 NOTE
r-release-linux-x86_64 0.0.1 22.61 79.69 102.30 OK
r-release-osx-x86_64 0.0.1 NOTE
r-release-windows-ix86+x86_64 0.0.1 53.00 161.00 214.00 OK
r-oldrel-osx-x86_64 0.0.1 NOTE
r-oldrel-windows-ix86+x86_64 0.0.1 54.00 157.00 211.00 OK

Check Details

Version: 0.0.1
Check: dependencies in R code
Result: NOTE
    Namespace in Imports field not imported from: ‘MASS’
     All declared Imports should be used.
Flavors: r-devel-linux-x86_64-fedora-clang, r-devel-linux-x86_64-fedora-gcc, r-patched-solaris-x86, r-release-osx-x86_64, r-oldrel-osx-x86_64