CRAN Package Check Results for Package hopit

Last updated on 2020-06-01 01:50:59 CEST.

Flavor Version Tinstall Tcheck Ttotal Status Flags
r-devel-linux-x86_64-debian-clang 0.10.3 52.89 117.35 170.24 OK
r-devel-linux-x86_64-debian-gcc 0.10.3 37.21 90.43 127.64 OK
r-devel-linux-x86_64-fedora-clang 0.10.3 227.38 NOTE
r-devel-linux-x86_64-fedora-gcc 0.10.3 203.54 NOTE
r-devel-windows-ix86+x86_64 0.10.3 107.00 288.00 395.00 OK
r-patched-linux-x86_64 0.10.3 40.21 115.32 155.53 OK
r-patched-solaris-x86 0.10.3 284.00 NOTE
r-release-linux-x86_64 0.10.3 37.66 116.54 154.20 OK
r-release-osx-x86_64 0.10.3 NOTE
r-release-windows-ix86+x86_64 0.10.3 82.00 303.00 385.00 OK
r-oldrel-osx-x86_64 0.10.3 NOTE
r-oldrel-windows-ix86+x86_64 0.10.3 73.00 226.00 299.00 OK

Check Details

Version: 0.10.3
Check: installed package size
Result: NOTE
     installed size is 10.2Mb
     sub-directories of 1Mb or more:
     libs 9.4Mb
Flavors: r-devel-linux-x86_64-fedora-clang, r-release-osx-x86_64, r-oldrel-osx-x86_64

Version: 0.10.3
Check: dependencies in R code
Result: NOTE
    Namespace in Imports field not imported from: ‘Matrix’
     All declared Imports should be used.
Flavors: r-devel-linux-x86_64-fedora-clang, r-devel-linux-x86_64-fedora-gcc, r-patched-solaris-x86, r-release-osx-x86_64, r-oldrel-osx-x86_64