CRAN Package Check Results for Package iCARH

Last updated on 2020-03-26 02:25:23 CET.

Flavor Version Tinstall Tcheck Ttotal Status Flags
r-devel-linux-x86_64-debian-clang 2.0.1.1 8.05 279.82 287.87 OK
r-devel-linux-x86_64-debian-gcc 2.0.1.1 6.83 208.73 215.56 OK
r-devel-linux-x86_64-fedora-clang 2.0.1.1 308.47 OK
r-devel-linux-x86_64-fedora-gcc 2.0.1.1 328.25 OK
r-devel-windows-ix86+x86_64 2.0.1.1 22.00 205.00 227.00 OK
r-devel-windows-ix86+x86_64-gcc8 2.0.1.1 19.00 231.00 250.00 OK
r-patched-linux-x86_64 2.0.1.1 7.29 239.18 246.47 OK
r-patched-solaris-x86 2.0.1.1 235.00 WARN
r-release-linux-x86_64 2.0.1.1 5.36 239.93 245.29 OK
r-release-windows-ix86+x86_64 2.0.1.1 23.00 299.00 322.00 OK
r-release-osx-x86_64 2.0.1.1 WARN
r-oldrel-windows-ix86+x86_64 2.0.1.1 23.00 301.00 324.00 OK
r-oldrel-osx-x86_64 2.0.1.1 WARN

Check Details

Version: 2.0.1.1
Check: re-building of vignette outputs
Result: WARN
    Error(s) in re-building vignettes:
     ...
    --- re-building ‘example.Rmd’ using rmarkdown
    Warning in engine$weave(file, quiet = quiet, encoding = enc) :
     Pandoc (>= 1.12.3) and/or pandoc-citeproc not available. Falling back to R Markdown v1.
    Quitting from lines 62-70 (example.Rmd)
    Quitting from lines 62-70 (example.Rmd)
    Error: processing vignette 'example.Rmd' failed with diagnostics:
    invalid connection
    --- failed re-building ‘example.Rmd’
    
    SUMMARY: processing the following file failed:
     ‘example.Rmd’
    
    Error: Vignette re-building failed.
    Execution halted
Flavor: r-patched-solaris-x86

Version: 2.0.1.1
Check: re-building of vignette outputs
Result: WARN
    Error(s) in re-building vignettes:
     ...
    --- re-building ‘example.Rmd’ using rmarkdown
    Warning in engine$weave(file, quiet = quiet, encoding = enc) :
     Pandoc (>= 1.12.3) and/or pandoc-citeproc not available. Falling back to R Markdown v1.
    Quitting from lines 84-88 (example.Rmd)
    Error: processing vignette 'example.Rmd' failed with diagnostics:
    argument of length 0
    --- failed re-building ‘example.Rmd’
    
    SUMMARY: processing the following file failed:
     ‘example.Rmd’
    
    Error: Vignette re-building failed.
    Execution halted
Flavor: r-release-osx-x86_64

Version: 2.0.1.1
Check: re-building of vignette outputs
Result: WARN
    Error in re-building vignettes:
     ...
    Warning in engine$weave(file, quiet = quiet, encoding = enc) :
     Pandoc (>= 1.12.3) and/or pandoc-citeproc not available. Falling back to R Markdown v1.
    Quitting from lines 84-88 (example.Rmd)
    Error: processing vignette 'example.Rmd' failed with diagnostics:
    argument of length 0
    Execution halted
Flavor: r-oldrel-osx-x86_64