CRAN Package Check Results for Package icensBKL

Last updated on 2019-10-14 01:46:25 CEST.

Flavor Version Tinstall Tcheck Ttotal Status Flags
r-devel-linux-x86_64-debian-clang 1.1 9.55 66.32 75.87 NOTE
r-devel-linux-x86_64-debian-gcc 1.1 7.35 52.22 59.57 NOTE
r-devel-linux-x86_64-fedora-clang 1.1 89.26 NOTE
r-devel-linux-x86_64-fedora-gcc 1.1 90.01 NOTE
r-devel-windows-ix86+x86_64 1.1 13.00 84.00 97.00 OK
r-patched-linux-x86_64 1.1 7.81 64.20 72.01 NOTE
r-patched-solaris-x86 1.1 134.90 NOTE
r-release-linux-x86_64 1.1 9.10 64.77 73.87 NOTE
r-release-windows-ix86+x86_64 1.1 18.00 110.00 128.00 OK
r-release-osx-x86_64 1.1 NOTE
r-oldrel-windows-ix86+x86_64 1.1 8.00 67.00 75.00 OK
r-oldrel-osx-x86_64 1.1 NOTE

Check Details

Version: 1.1
Check: package dependencies
Result: NOTE
    Package suggested but not available for checking: 'DPpackage'
Flavors: r-devel-linux-x86_64-debian-clang, r-devel-linux-x86_64-debian-gcc, r-devel-linux-x86_64-fedora-clang, r-devel-linux-x86_64-fedora-gcc, r-patched-linux-x86_64, r-patched-solaris-x86, r-release-linux-x86_64

Version: 1.1
Check: package dependencies
Result: NOTE
    Package suggested but not available for checking: ‘mixAK’
Flavors: r-release-osx-x86_64, r-oldrel-osx-x86_64