CRAN Package Check Results for Package icensBKL

Last updated on 2020-05-26 01:57:52 CEST.

Flavor Version Tinstall Tcheck Ttotal Status Flags
r-devel-linux-x86_64-debian-clang 1.2 9.26 72.97 82.23 OK
r-devel-linux-x86_64-debian-gcc 1.2 7.19 57.04 64.23 OK
r-devel-linux-x86_64-fedora-clang 1.2 97.36 OK
r-devel-linux-x86_64-fedora-gcc 1.2 96.91 OK
r-devel-windows-ix86+x86_64 1.2 25.00 84.00 109.00 OK
r-patched-linux-x86_64 1.2 8.72 72.42 81.14 OK
r-patched-solaris-x86 1.2 145.70 OK
r-release-linux-x86_64 1.2 8.05 73.69 81.74 OK
r-release-osx-x86_64 1.2 NOTE
r-release-windows-ix86+x86_64 1.2 15.00 121.00 136.00 OK
r-oldrel-osx-x86_64 1.2 NOTE
r-oldrel-windows-ix86+x86_64 1.2 13.00 88.00 101.00 OK

Check Details

Version: 1.2
Check: package dependencies
Result: NOTE
    Package suggested but not available for checking: ‘mixAK’
Flavors: r-release-osx-x86_64, r-oldrel-osx-x86_64