CRAN Package Check Results for Package icesVocab

Last updated on 2020-06-03 01:50:48 CEST.

Flavor Version Tinstall Tcheck Ttotal Status Flags
r-devel-linux-x86_64-debian-clang 1.1-4 3.08 26.65 29.73 ERROR
r-devel-linux-x86_64-debian-gcc 1.1-4 2.40 21.19 23.59 OK
r-devel-linux-x86_64-fedora-clang 1.1-4 45.44 OK
r-devel-linux-x86_64-fedora-gcc 1.1-4 36.09 OK
r-devel-windows-ix86+x86_64 1.1-4 8.00 39.00 47.00 OK
r-patched-linux-x86_64 1.1-4 2.94 26.46 29.40 OK
r-patched-solaris-x86 1.1-4 53.00 ERROR
r-release-linux-x86_64 1.1-4 3.15 26.72 29.87 OK
r-release-osx-x86_64 1.1-4 OK
r-release-windows-ix86+x86_64 1.1-4 7.00 40.00 47.00 OK
r-oldrel-osx-x86_64 1.1-4 OK
r-oldrel-windows-ix86+x86_64 1.1-4 6.00 38.00 44.00 OK

Check Details

Version: 1.1-4
Check: examples
Result: ERROR
    Running examples in 'icesVocab-Ex.R' failed
    The error most likely occurred in:
    
    > base::assign(".ptime", proc.time(), pos = "CheckExEnv")
    > ### Name: findAphia
    > ### Title: Find Aphia Code
    > ### Aliases: findAphia
    >
    > ### ** Examples
    >
    > findAphia("cod")
    Error in download.file(url, destfile = tmp, quiet = TRUE, method = "wget") :
     'wget' call had nonzero exit status
    Calls: findAphia -> getCodeList -> readVocab -> download.file
    Execution halted
Flavor: r-devel-linux-x86_64-debian-clang

Version: 1.1-4
Check: examples
Result: ERROR
    Running examples in ‘icesVocab-Ex.R’ failed
    The error most likely occurred in:
    
    > ### Name: findAphia
    > ### Title: Find Aphia Code
    > ### Aliases: findAphia
    >
    > ### ** Examples
    >
    > findAphia("cod")
    Error in download.file(url, destfile = tmp, quiet = TRUE, method = "wget") :
     'wget' call had nonzero exit status
    Calls: findAphia -> getCodeList -> readVocab -> download.file
    Execution halted
Flavor: r-patched-solaris-x86