CRAN Package Check Results for Package iemisc

Last updated on 2020-05-28 01:53:19 CEST.

Flavor Version Tinstall Tcheck Ttotal Status Flags
r-devel-linux-x86_64-debian-clang 0.9.8 10.91 71.09 82.00 NOTE
r-devel-linux-x86_64-debian-gcc 0.9.8 9.11 53.82 62.93 NOTE
r-devel-linux-x86_64-fedora-clang 0.9.8 97.02 NOTE
r-devel-linux-x86_64-fedora-gcc 0.9.8 97.93 NOTE
r-devel-windows-ix86+x86_64 0.9.8 34.00 85.00 119.00 OK
r-patched-linux-x86_64 0.9.8 11.55 69.74 81.29 NOTE
r-patched-solaris-x86 0.9.8 138.50 NOTE
r-release-linux-x86_64 0.9.8 9.28 70.06 79.34 NOTE
r-release-osx-x86_64 0.9.8 NOTE
r-release-windows-ix86+x86_64 0.9.8 31.00 126.00 157.00 OK
r-oldrel-osx-x86_64 0.9.8 NOTE
r-oldrel-windows-ix86+x86_64 0.9.8 18.00 87.00 105.00 OK

Check Details

Version: 0.9.8
Check: package dependencies
Result: NOTE
    Package suggested but not available for checking: 'ie2misc'
Flavors: r-devel-linux-x86_64-debian-clang, r-devel-linux-x86_64-debian-gcc, r-devel-linux-x86_64-fedora-clang, r-devel-linux-x86_64-fedora-gcc, r-patched-linux-x86_64, r-patched-solaris-x86, r-release-linux-x86_64

Version: 0.9.8
Check: dependencies in R code
Result: NOTE
    Namespace in Imports field not imported from: ‘testit’
     All declared Imports should be used.
Flavors: r-devel-linux-x86_64-fedora-clang, r-devel-linux-x86_64-fedora-gcc, r-patched-solaris-x86, r-release-osx-x86_64, r-oldrel-osx-x86_64