CRAN Package Check Results for Package iemisc

Last updated on 2019-10-23 03:48:29 CEST.

Flavor Version Tinstall Tcheck Ttotal Status Flags
r-devel-linux-x86_64-debian-clang 0.9.7 11.01 75.01 86.02 NOTE
r-devel-linux-x86_64-debian-gcc 0.9.7 8.53 56.74 65.27 NOTE
r-devel-linux-x86_64-fedora-clang 0.9.7 104.79 NOTE
r-devel-linux-x86_64-fedora-gcc 0.9.7 100.11 NOTE
r-devel-windows-ix86+x86_64 0.9.7 22.00 145.00 167.00 OK
r-patched-linux-x86_64 0.9.7 10.24 73.34 83.58 NOTE
r-patched-solaris-x86 0.9.7 158.60 NOTE
r-release-linux-x86_64 0.9.7 11.26 72.35 83.61 NOTE
r-release-windows-ix86+x86_64 0.9.7 33.00 121.00 154.00 OK
r-release-osx-x86_64 0.9.7 NOTE
r-oldrel-windows-ix86+x86_64 0.9.7 22.00 128.00 150.00 OK
r-oldrel-osx-x86_64 0.9.7 OK

Check Details

Version: 0.9.7
Check: package dependencies
Result: NOTE
    Package suggested but not available for checking: 'financial'
Flavors: r-devel-linux-x86_64-debian-clang, r-devel-linux-x86_64-debian-gcc, r-devel-linux-x86_64-fedora-clang, r-devel-linux-x86_64-fedora-gcc, r-patched-linux-x86_64, r-patched-solaris-x86, r-release-linux-x86_64, r-release-osx-x86_64