CRAN Package Check Results for Package iemisctext

Last updated on 2020-05-28 01:53:19 CEST.

Flavor Version Tinstall Tcheck Ttotal Status Flags
r-devel-linux-x86_64-debian-clang 0.9.99 2.16 25.96 28.12 OK
r-devel-linux-x86_64-debian-gcc 0.9.99 1.44 20.61 22.05 OK
r-devel-linux-x86_64-fedora-clang 0.9.99 35.30 NOTE
r-devel-linux-x86_64-fedora-gcc 0.9.99 34.63 NOTE
r-devel-windows-ix86+x86_64 0.9.99 8.00 43.00 51.00 OK
r-patched-linux-x86_64 0.9.99 1.95 26.16 28.11 OK
r-patched-solaris-x86 0.9.99 50.10 NOTE
r-release-linux-x86_64 0.9.99 2.11 26.32 28.43 OK
r-release-osx-x86_64 0.9.99 NOTE
r-release-windows-ix86+x86_64 0.9.99 6.00 62.00 68.00 OK
r-oldrel-osx-x86_64 0.9.99 NOTE
r-oldrel-windows-ix86+x86_64 0.9.99 7.00 42.00 49.00 OK

Check Details

Version: 0.9.99
Check: data for non-ASCII characters
Result: NOTE
     Note: found 40 marked UTF-8 strings
Flavors: r-devel-linux-x86_64-fedora-clang, r-devel-linux-x86_64-fedora-gcc, r-patched-solaris-x86, r-release-osx-x86_64, r-oldrel-osx-x86_64