CRAN Package Check Results for Package imbalance

Last updated on 2019-10-13 01:46:16 CEST.

Flavor Version Tinstall Tcheck Ttotal Status Flags
r-devel-linux-x86_64-debian-clang 1.0.0 52.75 95.55 148.30 NOTE
r-devel-linux-x86_64-debian-gcc 1.0.0 37.56 71.56 109.12 NOTE
r-devel-linux-x86_64-fedora-clang 1.0.0 196.60 NOTE
r-devel-linux-x86_64-fedora-gcc 1.0.0 172.70 NOTE
r-devel-windows-ix86+x86_64 1.0.0 85.00 161.00 246.00 OK
r-patched-linux-x86_64 1.0.0 39.17 89.95 129.12 NOTE
r-patched-solaris-x86 1.0.0 181.50 OK
r-release-linux-x86_64 1.0.0 43.48 85.84 129.32 NOTE
r-release-windows-ix86+x86_64 1.0.0 130.00 156.00 286.00 OK
r-release-osx-x86_64 1.0.0 OK
r-oldrel-windows-ix86+x86_64 1.0.0 81.00 149.00 230.00 OK
r-oldrel-osx-x86_64 1.0.0 OK

Check Details

Version: 1.0.0
Check: use of SHLIB_OPENMP_*FLAGS in Makefiles
Result: NOTE
     src/Makevars: SHLIB_OPENMP_CXXFLAGS is included in PKG_CXXFLAGS but not in PKG_LIBS
     src/Makevars: SHLIB_OPENMP_CFLAGS is included in PKG_LIBS but linking is by C++
     src/Makevars.win: SHLIB_OPENMP_CXXFLAGS is included in PKG_CXXFLAGS but not in PKG_LIBS
     src/Makevars.win: SHLIB_OPENMP_CFLAGS is included in PKG_LIBS but linking is by C++
    Use of these macros is discussed in sect 1.2.1.1 of 'Writing R
    Extensions'. The macros for different languages may differ so the
    matching macro must be used in PKG_CXXFLAGS (etc) and match that used
    in PKG_LIBS (except for Fortran: see the manual).
Flavors: r-devel-linux-x86_64-debian-clang, r-devel-linux-x86_64-debian-gcc, r-devel-linux-x86_64-fedora-clang, r-devel-linux-x86_64-fedora-gcc, r-patched-linux-x86_64, r-release-linux-x86_64