CRAN Package Check Results for Package immer

Last updated on 2020-09-15 02:53:19 CEST.

Flavor Version Tinstall Tcheck Ttotal Status Flags
r-devel-linux-x86_64-debian-clang 1.1-35 104.50 72.80 177.30 OK
r-devel-linux-x86_64-debian-gcc 1.1-35 82.26 56.44 138.70 OK
r-devel-linux-x86_64-fedora-clang 1.1-35 251.27 NOTE
r-devel-linux-x86_64-fedora-gcc 1.1-35 234.34 OK
r-devel-windows-ix86+x86_64 1.1-35 237.00 140.00 377.00 OK
r-patched-linux-x86_64 1.1-35 85.58 72.26 157.84 OK
r-patched-solaris-x86 1.1-35 230.10 OK
r-release-linux-x86_64 1.1-35 86.51 72.63 159.14 OK
r-release-macos-x86_64 1.1-35 NOTE
r-release-windows-ix86+x86_64 1.1-35 213.00 139.00 352.00 OK
r-oldrel-macos-x86_64 1.1-35 OK
r-oldrel-windows-ix86+x86_64 1.1-35 227.00 127.00 354.00 OK

Check Details

Version: 1.1-35
Check: installed package size
Result: NOTE
     installed size is 6.8Mb
     sub-directories of 1Mb or more:
     libs 5.9Mb
Flavors: r-devel-linux-x86_64-fedora-clang, r-release-macos-x86_64

Version: 1.1-35
Check: Rd cross-references
Result: NOTE
    Undeclared package ‘mirt’ in Rd xrefs
Flavor: r-devel-linux-x86_64-fedora-clang