CRAN Package Check Results for Package inplace

Last updated on 2020-03-31 01:52:43 CEST.

Flavor Version Tinstall Tcheck Ttotal Status Flags
r-devel-linux-x86_64-debian-clang 0.1.0 113.14 27.59 140.73 OK
r-devel-linux-x86_64-debian-gcc 0.1.0 66.36 21.86 88.22 OK
r-devel-linux-x86_64-fedora-clang 0.1.0 202.39 OK
r-devel-linux-x86_64-fedora-gcc 0.1.0 169.92 OK
r-devel-windows-ix86+x86_64 0.1.0 179.00 67.00 246.00 OK
r-devel-windows-ix86+x86_64-gcc8 0.1.0 226.00 61.00 287.00 OK
r-patched-linux-x86_64 0.1.0 84.89 26.82 111.71 OK
r-patched-solaris-x86 0.1.0 160.50 ERROR
r-release-linux-x86_64 0.1.0 81.14 24.89 106.03 OK
r-release-windows-ix86+x86_64 0.1.0 232.00 88.00 320.00 OK
r-release-osx-x86_64 0.1.0 OK
r-oldrel-windows-ix86+x86_64 0.1.0 248.00 86.00 334.00 OK
r-oldrel-osx-x86_64 0.1.0 OK

Check Details

Version: 0.1.0
Check: tests
Result: ERROR
     Running ‘spelling.R’
     Running ‘testthat.R’
    Running the tests in ‘tests/testthat.R’ failed.
    Complete output:
     > library(testthat)
     > library(inplace)
     >
     > test_check("inplace")
     ── 1. Failure: in-place operators work in common cases (@test-operators.R#56) ─
     `X` not identical to `X2`.
     Objects equal but not identical
    
     ── 2. Failure: in-place operators work in common cases (@test-operators.R#80) ─
     `X` not identical to `X2`.
     Objects equal but not identical
    
     ── 3. Failure: in-place operators work in common cases (@test-sweep.R#50) ─────
     `X` not identical to `X2`.
     Objects equal but not identical
    
     ── 4. Failure: in-place operators work in common cases (@test-sweep.R#52) ─────
     `X` not identical to `X2`.
     Objects equal but not identical
    
     ══ testthat results ═══════════════════════════════════════════════════════════
     [ OK: 804 | SKIPPED: 0 | WARNINGS: 0 | FAILED: 4 ]
     1. Failure: in-place operators work in common cases (@test-operators.R#56)
     2. Failure: in-place operators work in common cases (@test-operators.R#80)
     3. Failure: in-place operators work in common cases (@test-sweep.R#50)
     4. Failure: in-place operators work in common cases (@test-sweep.R#52)
    
     Error: testthat unit tests failed
     Execution halted
Flavor: r-patched-solaris-x86