CRAN Package Check Results for Package insol

Last updated on 2019-11-22 00:49:15 CET.

Flavor Version Tinstall Tcheck Ttotal Status Flags
r-devel-linux-x86_64-debian-clang 1.2 3.52 43.41 46.93 OK
r-devel-linux-x86_64-debian-gcc 1.2 2.93 35.35 38.28 OK
r-devel-linux-x86_64-fedora-clang 1.2 57.50 NOTE
r-devel-linux-x86_64-fedora-gcc 1.2 57.75 NOTE
r-devel-windows-ix86+x86_64 1.2 12.00 139.00 151.00 OK
r-devel-windows-ix86+x86_64-gcc8 1.2 14.00 110.00 124.00 OK
r-patched-linux-x86_64 1.2 3.08 41.21 44.29 OK
r-patched-solaris-x86 1.2 87.70 NOTE
r-release-linux-x86_64 1.2 3.14 41.81 44.95 OK
r-release-windows-ix86+x86_64 1.2 17.00 140.00 157.00 OK
r-release-osx-x86_64 1.2 NOTE
r-oldrel-windows-ix86+x86_64 1.2 7.00 137.00 144.00 OK
r-oldrel-osx-x86_64 1.2 NOTE

Check Details

Version: 1.2
Check: dependencies in R code
Result: NOTE
    Namespace in Imports field not imported from: ‘rgdal’
     All declared Imports should be used.
Flavors: r-devel-linux-x86_64-fedora-clang, r-devel-linux-x86_64-fedora-gcc, r-patched-solaris-x86, r-release-osx-x86_64, r-oldrel-osx-x86_64