CRAN Package Check Results for Package insurancerating

Last updated on 2020-05-31 01:48:43 CEST.

Flavor Version Tinstall Tcheck Ttotal Status Flags
r-devel-linux-x86_64-debian-clang 0.6.1 16.96 159.51 176.47 WARN
r-devel-linux-x86_64-debian-gcc 0.6.1 13.14 121.76 134.90 WARN
r-devel-linux-x86_64-fedora-clang 0.6.1 217.23 WARN
r-devel-linux-x86_64-fedora-gcc 0.6.1 204.68 WARN
r-devel-windows-ix86+x86_64 0.6.1 48.00 219.00 267.00 WARN
r-patched-linux-x86_64 0.6.1 14.94 153.14 168.08 OK
r-patched-solaris-x86 0.6.1 308.80 OK
r-release-linux-x86_64 0.6.1 14.92 154.14 169.06 OK
r-release-osx-x86_64 0.6.1 OK
r-release-windows-ix86+x86_64 0.6.1 37.00 290.00 327.00 OK
r-oldrel-osx-x86_64 0.6.1 OK
r-oldrel-windows-ix86+x86_64 0.6.1 28.00 174.00 202.00 OK

Check Details

Version: 0.6.1
Check: whether package can be installed
Result: WARN
    Found the following significant warnings:
     Warning: S4 exports specified in 'NAMESPACE' but not defined in package 'insurancerating'
Flavors: r-devel-linux-x86_64-debian-clang, r-devel-windows-ix86+x86_64

Version: 0.6.1
Check: whether the namespace can be loaded with stated dependencies
Result: NOTE
    Warning: S4 exports specified in 'NAMESPACE' but not defined in package 'insurancerating'
    
    A namespace must be able to be loaded with just the base namespace
    loaded: otherwise if the namespace gets loaded by a saved object, the
    session will be unable to start.
    
    Probably some imports need to be declared in the NAMESPACE file.
Flavors: r-devel-linux-x86_64-debian-clang, r-devel-windows-ix86+x86_64

Version: 0.6.1
Check: whether the namespace can be loaded with stated dependencies
Result: WARN
    Warning: S4 exports specified in 'NAMESPACE' but not defined in package ‘insurancerating’
Flavors: r-devel-linux-x86_64-debian-gcc, r-devel-linux-x86_64-fedora-clang, r-devel-linux-x86_64-fedora-gcc