CRAN Package Check Results for Package io

Last updated on 2019-10-20 01:46:52 CEST.

Flavor Version Tinstall Tcheck Ttotal Status Flags
r-devel-linux-x86_64-debian-clang 0.3.0 3.30 27.89 31.19 OK
r-devel-linux-x86_64-debian-gcc 0.3.0 2.99 22.08 25.07 OK
r-devel-linux-x86_64-fedora-clang 0.3.0 38.12 OK
r-devel-linux-x86_64-fedora-gcc 0.3.0 38.43 OK
r-devel-windows-ix86+x86_64 0.3.0 6.00 39.00 45.00 OK
r-patched-linux-x86_64 0.3.0 3.03 27.21 30.24 OK
r-patched-solaris-x86 0.3.0 55.60 ERROR
r-release-linux-x86_64 0.3.0 3.29 27.14 30.43 OK
r-release-windows-ix86+x86_64 0.3.0 5.00 51.00 56.00 OK
r-release-osx-x86_64 0.3.0 NOTE
r-oldrel-windows-ix86+x86_64 0.3.0 4.00 36.00 40.00 OK
r-oldrel-osx-x86_64 0.3.0 OK

Check Details

Version: 0.3.0
Check: tests
Result: ERROR
     Running ‘testthat.R’
    Running the tests in ‘tests/testthat.R’ failed.
    Complete output:
     > library(testthat)
     > library(stringr)
     > library(io)
     Loading required package: filenamer
     >
     > test_check("io")
     ── 1. Error: (unknown) (@test_read-write-read.R#8) ────────────────────────────
     HDF5. File accessibilty. Unable to open file.
     1: test_read_write_read(f) at testthat/test_read-write-read.R:8
     2: qread(infile) at /home/ripley/R/packages/tests32/io.Rcheck/tests/testthat/helper.R:47
     3: .qread(file, if (is.null(type)) .infer_file_type(file) else type, ...)
     4: qread.hdf5(file, if (is.null(type)) .infer_file_type(file) else type, ...)
     5: trimws(rhdf5::h5ls(file)$name)
     6: mysub(paste0(whitespace, "+$"), mysub(paste0("^", whitespace, "+"), x))
     7: sub(re, "", x, perl = TRUE)
     8: mysub(paste0("^", whitespace, "+"), x)
     9: sub(re, "", x, perl = TRUE)
     10: rhdf5::h5ls(file)
     11: h5checktypeOrOpenLoc(file, readonly = TRUE, native = native)
     12: H5Fopen(file, "H5F_ACC_RDONLY", native = native)
    
     ══ testthat results ═══════════════════════════════════════════════════════════
     [ OK: 0 | SKIPPED: 0 | WARNINGS: 0 | FAILED: 1 ]
     1. Error: (unknown) (@test_read-write-read.R#8)
    
     Error: testthat unit tests failed
     Execution halted
Flavor: r-patched-solaris-x86

Version: 0.3.0
Check: package dependencies
Result: NOTE
    Package suggested but not available for checking: ‘rhdf5’
Flavor: r-release-osx-x86_64