CRAN Package Check Results for Package isdparser

Last updated on 2019-10-14 01:46:26 CEST.

Flavor Version Tinstall Tcheck Ttotal Status Flags
r-devel-linux-x86_64-debian-clang 0.3.0 2.71 71.17 73.88 OK
r-devel-linux-x86_64-debian-gcc 0.3.0 2.35 50.98 53.33 OK
r-devel-linux-x86_64-fedora-clang 0.3.0 86.25 NOTE
r-devel-linux-x86_64-fedora-gcc 0.3.0 83.45 NOTE
r-devel-windows-ix86+x86_64 0.3.0 7.00 117.00 124.00 OK
r-patched-linux-x86_64 0.3.0 2.63 64.66 67.29 OK
r-patched-solaris-x86 0.3.0 115.50 NOTE
r-release-linux-x86_64 0.3.0 2.71 65.03 67.74 OK
r-release-windows-ix86+x86_64 0.3.0 16.00 74.00 90.00 OK
r-release-osx-x86_64 0.3.0 NOTE
r-oldrel-windows-ix86+x86_64 0.3.0 5.00 70.00 75.00 OK
r-oldrel-osx-x86_64 0.3.0 NOTE

Check Details

Version: 0.3.0
Check: data for non-ASCII characters
Result: NOTE
     Note: found 104 marked UTF-8 strings
Flavors: r-devel-linux-x86_64-fedora-clang, r-devel-linux-x86_64-fedora-gcc, r-patched-solaris-x86, r-release-osx-x86_64, r-oldrel-osx-x86_64