CRAN Package Check Results for Package isdparser

Last updated on 2020-05-26 01:57:52 CEST.

Flavor Version Tinstall Tcheck Ttotal Status Flags
r-devel-linux-x86_64-debian-clang 0.4.0 5.33 74.87 80.20 OK
r-devel-linux-x86_64-debian-gcc 0.4.0 3.76 52.53 56.29 OK
r-devel-linux-x86_64-fedora-clang 0.4.0 92.92 NOTE
r-devel-linux-x86_64-fedora-gcc 0.4.0 90.64 NOTE
r-devel-windows-ix86+x86_64 0.4.0 17.00 81.00 98.00 OK
r-patched-linux-x86_64 0.4.0 5.13 70.46 75.59 OK
r-patched-solaris-x86 0.4.0 128.90 NOTE
r-release-linux-x86_64 0.4.0 5.39 70.38 75.77 OK
r-release-osx-x86_64 0.4.0 NOTE
r-release-windows-ix86+x86_64 0.4.0 12.00 110.00 122.00 OK
r-oldrel-osx-x86_64 0.4.0 NOTE
r-oldrel-windows-ix86+x86_64 0.4.0 9.00 103.00 112.00 OK

Check Details

Version: 0.4.0
Check: data for non-ASCII characters
Result: NOTE
     Note: found 104 marked UTF-8 strings
Flavors: r-devel-linux-x86_64-fedora-clang, r-devel-linux-x86_64-fedora-gcc, r-patched-solaris-x86, r-release-osx-x86_64, r-oldrel-osx-x86_64