CRAN Package Check Results for Package isocir

Last updated on 2019-11-22 00:49:16 CET.

Flavor Version Tinstall Tcheck Ttotal Status Flags
r-devel-linux-x86_64-debian-clang 2.0-6 8.95 55.69 64.64 NOTE
r-devel-linux-x86_64-debian-gcc 2.0-6 8.44 44.70 53.14 NOTE
r-devel-linux-x86_64-fedora-clang 2.0-6 80.84 NOTE
r-devel-linux-x86_64-fedora-gcc 2.0-6 80.86 NOTE
r-devel-windows-ix86+x86_64 2.0-6 28.00 119.00 147.00 NOTE
r-devel-windows-ix86+x86_64-gcc8 2.0-6 26.00 87.00 113.00 NOTE
r-patched-linux-x86_64 2.0-6 8.84 53.89 62.73 NOTE
r-patched-solaris-x86 2.0-6 106.60 NOTE
r-release-linux-x86_64 2.0-6 8.69 54.31 63.00 NOTE
r-release-windows-ix86+x86_64 2.0-6 33.00 117.00 150.00 NOTE
r-release-osx-x86_64 2.0-6 NOTE
r-oldrel-windows-ix86+x86_64 2.0-6 16.00 108.00 124.00 NOTE
r-oldrel-osx-x86_64 2.0-6 NOTE

Check Details

Version: 2.0-6
Check: R code for possible problems
Result: NOTE
    ACO : bordacircular: no visible global function definition for
     'medianCircular'
    Undefined global functions or variables:
     medianCircular
Flavors: r-devel-linux-x86_64-debian-clang, r-devel-linux-x86_64-debian-gcc, r-devel-linux-x86_64-fedora-clang, r-devel-linux-x86_64-fedora-gcc, r-devel-windows-ix86+x86_64, r-devel-windows-ix86+x86_64-gcc8, r-patched-linux-x86_64, r-patched-solaris-x86, r-release-linux-x86_64, r-release-windows-ix86+x86_64, r-release-osx-x86_64, r-oldrel-windows-ix86+x86_64, r-oldrel-osx-x86_64

Version: 2.0-6
Check: compiled code
Result: NOTE
    File ‘isocir/libs/isocir.so’:
     Found no calls to: ‘R_registerRoutines’, ‘R_useDynamicSymbols’
    
    It is good practice to register native routines and to disable symbol
    search.
    
    See ‘Writing portable packages’ in the ‘Writing R Extensions’ manual.
Flavors: r-devel-linux-x86_64-fedora-clang, r-devel-linux-x86_64-fedora-gcc