CRAN Package Check Results for Package jSDM

Last updated on 2019-10-19 01:50:15 CEST.

Flavor Version Tinstall Tcheck Ttotal Status Flags
r-devel-linux-x86_64-debian-clang 0.1.0 53.66 78.80 132.46 OK
r-devel-linux-x86_64-debian-gcc 0.1.0 42.63 57.89 100.52 OK
r-devel-linux-x86_64-fedora-clang 0.1.0 180.17 NOTE
r-devel-linux-x86_64-fedora-gcc 0.1.0 168.52 NOTE
r-devel-windows-ix86+x86_64 0.1.0 140.00 131.00 271.00 OK
r-patched-linux-x86_64 0.1.0 41.85 75.54 117.39 OK
r-patched-solaris-x86 0.1.0 206.30 OK
r-release-linux-x86_64 0.1.0 47.91 76.21 124.12 OK
r-release-windows-ix86+x86_64 0.1.0 99.00 144.00 243.00 OK
r-release-osx-x86_64 0.1.0 NOTE
r-oldrel-windows-ix86+x86_64 0.1.0 90.00 134.00 224.00 OK
r-oldrel-osx-x86_64 0.1.0 NOTE

Check Details

Version: 0.1.0
Check: top-level files
Result: NOTE
    ‘cleanup’: /bin/bash is not portable
Flavors: r-devel-linux-x86_64-fedora-clang, r-devel-linux-x86_64-fedora-gcc

Version: 0.1.0
Check: installed package size
Result: NOTE
     installed size is 5.5Mb
     sub-directories of 1Mb or more:
     doc 1.5Mb
     libs 3.7Mb
Flavors: r-release-osx-x86_64, r-oldrel-osx-x86_64