CRAN Package Check Results for Package jetset

Last updated on 2020-05-30 02:02:36 CEST.

Flavor Version Tinstall Tcheck Ttotal Status Flags
r-devel-linux-x86_64-debian-clang 3.4.0 14.52 122.34 136.86 OK
r-devel-linux-x86_64-debian-gcc 3.4.0 12.24 94.87 107.11 OK
r-devel-linux-x86_64-fedora-clang 3.4.0 179.90 OK
r-devel-linux-x86_64-fedora-gcc 3.4.0 167.84 OK
r-devel-windows-ix86+x86_64 3.4.0 41.00 128.00 169.00 OK
r-patched-linux-x86_64 3.4.0 15.53 120.44 135.97 OK
r-patched-solaris-x86 3.4.0 243.10 OK
r-release-linux-x86_64 3.4.0 14.20 121.36 135.56 OK
r-release-osx-x86_64 3.4.0 OK
r-release-windows-ix86+x86_64 3.4.0 27.00 130.00 157.00 OK
r-oldrel-osx-x86_64 3.4.0 ERROR
r-oldrel-windows-ix86+x86_64 3.4.0 22.00 157.00 179.00 OK

Check Details

Version: 3.4.0
Check: package dependencies
Result: ERROR
    Package required but not available: ‘org.Hs.eg.db’
    
    See section ‘The DESCRIPTION file’ in the ‘Writing R Extensions’
    manual.
Flavor: r-oldrel-osx-x86_64