CRAN Package Check Results for Package jetset

Last updated on 2019-09-23 01:46:44 CEST.

Flavor Version Tinstall Tcheck Ttotal Status Flags
r-devel-linux-x86_64-debian-clang 3.4.0 14.01 113.25 127.26 OK
r-devel-linux-x86_64-debian-gcc 3.4.0 11.34 88.64 99.98 OK
r-devel-linux-x86_64-fedora-clang 3.4.0 153.63 OK
r-devel-linux-x86_64-fedora-gcc 3.4.0 150.81 OK
r-devel-windows-ix86+x86_64 3.4.0 40.00 168.00 208.00 OK
r-patched-linux-x86_64 3.4.0 10.44 106.45 116.89 OK
r-patched-solaris-x86 3.4.0 221.60 OK
r-release-linux-x86_64 3.4.0 12.11 107.68 119.79 OK
r-release-windows-ix86+x86_64 3.4.0 22.00 157.00 179.00 OK
r-release-osx-x86_64 3.4.0 ERROR
r-oldrel-windows-ix86+x86_64 3.4.0 14.00 105.00 119.00 OK
r-oldrel-osx-x86_64 3.4.0 OK

Check Details

Version: 3.4.0
Check: package dependencies
Result: ERROR
    Packages required but not available: 'org.Hs.eg.db', 'AnnotationDbi'
    
    See section ‘The DESCRIPTION file’ in the ‘Writing R Extensions’
    manual.
Flavor: r-release-osx-x86_64