CRAN Package Check Results for Package jointseg

Last updated on 2020-06-01 01:51:00 CEST.

Flavor Version Tinstall Tcheck Ttotal Status Flags
r-devel-linux-x86_64-debian-clang 1.0.2 7.41 74.62 82.03 OK
r-devel-linux-x86_64-debian-gcc 1.0.2 5.75 58.43 64.18 OK
r-devel-linux-x86_64-fedora-clang 1.0.2 114.93 OK
r-devel-linux-x86_64-fedora-gcc 1.0.2 99.72 OK
r-devel-windows-ix86+x86_64 1.0.2 25.00 181.00 206.00 OK
r-patched-linux-x86_64 1.0.2 6.68 73.26 79.94 OK
r-patched-solaris-x86 1.0.2 143.10 OK
r-release-linux-x86_64 1.0.2 6.66 74.08 80.74 OK
r-release-osx-x86_64 1.0.2 NOTE
r-release-windows-ix86+x86_64 1.0.2 22.00 234.00 256.00 OK
r-oldrel-osx-x86_64 1.0.2 OK
r-oldrel-windows-ix86+x86_64 1.0.2 27.00 131.00 158.00 OK

Check Details

Version: 1.0.2
Check: package dependencies
Result: NOTE
    Package suggested but not available for checking: ‘PSCBS’
Flavor: r-release-osx-x86_64

Version: 1.0.2
Check: Rd cross-references
Result: NOTE
    Package unavailable to check Rd xrefs: ‘PSCBS’
Flavor: r-release-osx-x86_64