CRAN Package Check Results for Package jwutil

Last updated on 2019-10-19 01:50:15 CEST.

Flavor Version Tinstall Tcheck Ttotal Status Flags
r-devel-linux-x86_64-debian-clang 1.2.3 68.72 38.17 106.89 OK
r-devel-linux-x86_64-debian-gcc 1.2.3 52.10 30.40 82.50 OK
r-devel-linux-x86_64-fedora-clang 1.2.3 147.40 NOTE
r-devel-linux-x86_64-fedora-gcc 1.2.3 139.84 OK
r-devel-windows-ix86+x86_64 1.2.3 161.00 79.00 240.00 OK
r-patched-linux-x86_64 1.2.3 52.72 37.07 89.79 OK
r-patched-solaris-x86 1.2.3 109.00 OK
r-release-linux-x86_64 1.2.3 54.20 38.17 92.37 OK
r-release-windows-ix86+x86_64 1.2.3 107.00 80.00 187.00 OK
r-release-osx-x86_64 1.2.3 NOTE
r-oldrel-windows-ix86+x86_64 1.2.3 121.00 70.00 191.00 OK
r-oldrel-osx-x86_64 1.2.3 NOTE

Check Details

Version: 1.2.3
Check: installed package size
Result: NOTE
     installed size is 6.4Mb
     sub-directories of 1Mb or more:
     libs 6.1Mb
Flavors: r-devel-linux-x86_64-fedora-clang, r-release-osx-x86_64, r-oldrel-osx-x86_64