CRAN Package Check Results for Package jwutil

Last updated on 2020-05-28 01:53:20 CEST.

Flavor Version Tinstall Tcheck Ttotal Status Flags
r-devel-linux-x86_64-debian-clang 1.2.3 71.05 43.93 114.98 OK
r-devel-linux-x86_64-debian-gcc 1.2.3 56.82 34.06 90.88 OK
r-devel-linux-x86_64-fedora-clang 1.2.3 160.47 NOTE
r-devel-linux-x86_64-fedora-gcc 1.2.3 146.99 OK
r-devel-windows-ix86+x86_64 1.2.3 171.00 86.00 257.00 OK
r-patched-linux-x86_64 1.2.3 57.08 43.66 100.74 OK
r-patched-solaris-x86 1.2.3 118.80 OK
r-release-linux-x86_64 1.2.3 60.89 43.06 103.95 OK
r-release-osx-x86_64 1.2.3 NOTE
r-release-windows-ix86+x86_64 1.2.3 128.00 120.00 248.00 OK
r-oldrel-osx-x86_64 1.2.3 NOTE
r-oldrel-windows-ix86+x86_64 1.2.3 133.00 89.00 222.00 OK

Check Details

Version: 1.2.3
Check: installed package size
Result: NOTE
     installed size is 7.3Mb
     sub-directories of 1Mb or more:
     libs 6.9Mb
Flavors: r-devel-linux-x86_64-fedora-clang, r-release-osx-x86_64, r-oldrel-osx-x86_64