CRAN Package Check Results for Package kader

Last updated on 2019-09-23 01:46:44 CEST.

Flavor Version Tinstall Tcheck Ttotal Status Flags
r-devel-linux-x86_64-debian-clang 0.0.8 2.74 35.81 38.55 OK
r-devel-linux-x86_64-debian-gcc 0.0.8 1.95 24.20 26.15 OK
r-devel-linux-x86_64-fedora-clang 0.0.8 47.64 OK
r-devel-linux-x86_64-fedora-gcc 0.0.8 40.32 OK
r-devel-windows-ix86+x86_64 0.0.8 8.00 72.00 80.00 OK
r-patched-linux-x86_64 0.0.8 1.95 30.85 32.80 NOTE
r-patched-solaris-x86 0.0.8 74.20 OK
r-release-linux-x86_64 0.0.8 2.23 30.73 32.96 NOTE
r-release-windows-ix86+x86_64 0.0.8 10.00 77.00 87.00 OK
r-release-osx-x86_64 0.0.8 OK
r-oldrel-windows-ix86+x86_64 0.0.8 3.00 50.00 53.00 OK
r-oldrel-osx-x86_64 0.0.8 OK

Check Details

Version: 0.0.8
Check: DESCRIPTION meta-information
Result: NOTE
    Dependence on R version ‘3.4.1’ not with patchlevel 0
Flavors: r-patched-linux-x86_64, r-release-linux-x86_64