CRAN Package Check Results for Package keyring

Last updated on 2019-10-19 01:50:16 CEST.

Flavor Version Tinstall Tcheck Ttotal Status Flags
r-devel-linux-x86_64-debian-clang 1.1.0 9.19 30.88 40.07 OK
r-devel-linux-x86_64-debian-gcc 1.1.0 6.51 24.83 31.34 OK
r-devel-linux-x86_64-fedora-clang 1.1.0 51.37 NOTE
r-devel-linux-x86_64-fedora-gcc 1.1.0 48.43 NOTE
r-devel-windows-ix86+x86_64 1.1.0 22.00 43.00 65.00 OK
r-patched-linux-x86_64 1.1.0 6.50 30.58 37.08 OK
r-patched-solaris-x86 1.1.0 57.50 OK
r-release-linux-x86_64 1.1.0 7.48 30.58 38.06 OK
r-release-windows-ix86+x86_64 1.1.0 14.00 62.00 76.00 OK
r-release-osx-x86_64 1.1.0 OK
r-oldrel-windows-ix86+x86_64 1.1.0 12.00 43.00 55.00 OK
r-oldrel-osx-x86_64 1.1.0 OK

Check Details

Version: 1.1.0
Check: top-level files
Result: NOTE
    ‘configure’: /bin/bash is not portable
Flavors: r-devel-linux-x86_64-fedora-clang, r-devel-linux-x86_64-fedora-gcc