CRAN Package Check Results for Package keyring

Last updated on 2020-05-28 01:53:20 CEST.

Flavor Version Tinstall Tcheck Ttotal Status Flags
r-devel-linux-x86_64-debian-clang 1.1.0 11.29 28.48 39.77 OK
r-devel-linux-x86_64-debian-gcc 1.1.0 7.66 22.70 30.36 OK
r-devel-linux-x86_64-fedora-clang 1.1.0 46.75 NOTE
r-devel-linux-x86_64-fedora-gcc 1.1.0 53.36 NOTE
r-devel-windows-ix86+x86_64 1.1.0 26.00 55.00 81.00 OK
r-patched-linux-x86_64 1.1.0 8.37 28.90 37.27 OK
r-patched-solaris-x86 1.1.0 63.60 OK
r-release-linux-x86_64 1.1.0 8.36 29.13 37.49 OK
r-release-osx-x86_64 1.1.0 OK
r-release-windows-ix86+x86_64 1.1.0 15.00 81.00 96.00 OK
r-oldrel-osx-x86_64 1.1.0 OK
r-oldrel-windows-ix86+x86_64 1.1.0 16.00 49.00 65.00 OK

Check Details

Version: 1.1.0
Check: top-level files
Result: NOTE
    ‘configure’: /bin/bash is not portable
Flavors: r-devel-linux-x86_64-fedora-clang, r-devel-linux-x86_64-fedora-gcc