CRAN Package Check Results for Package kgc

Last updated on 2019-10-17 02:47:26 CEST.

Flavor Version Tinstall Tcheck Ttotal Status Flags
r-devel-linux-x86_64-debian-clang 1.0.0.2 26.58 396.41 422.99 OK
r-devel-linux-x86_64-debian-gcc 1.0.0.2 24.04 231.33 255.37 OK
r-devel-linux-x86_64-fedora-clang 1.0.0.2 542.33 OK
r-devel-linux-x86_64-fedora-gcc 1.0.0.2 430.16 OK
r-devel-windows-ix86+x86_64 1.0.0.2 55.00 356.00 411.00 OK
r-patched-linux-x86_64 1.0.0.2 27.20 296.42 323.62 OK
r-patched-solaris-x86 1.0.0.2 337.60 WARN
r-release-linux-x86_64 1.0.0.2 26.47 286.25 312.72 OK
r-release-windows-ix86+x86_64 1.0.0.2 35.00 360.00 395.00 OK
r-release-osx-x86_64 1.0.0.2 OK
r-oldrel-windows-ix86+x86_64 1.0.0.2 35.00 349.00 384.00 OK
r-oldrel-osx-x86_64 1.0.0.2 OK

Check Details

Version: 1.0.0.2
Check: re-building of vignette outputs
Result: WARN
    Error(s) in re-building vignettes:
     ...
    --- re-building ‘kgc-fine.Rmd’ using rmarkdown
    Warning in engine$weave(file, quiet = quiet, encoding = enc) :
     Pandoc (>= 1.12.3) and/or pandoc-citeproc not available. Falling back to R Markdown v1.
    Loading required package: shiny
    Loading required package: shinythemes
    Loading required package: plyr
    Quitting from lines 37-53 (kgc-fine.Rmd)
    Error: processing vignette 'kgc-fine.Rmd' failed with diagnostics:
    cannot allocate vector of size 640.7 Mb
    --- failed re-building ‘kgc-fine.Rmd’
    
    --- re-building ‘kgc-vignette.Rmd’ using rmarkdown
    Warning in engine$weave(file, quiet = quiet, encoding = enc) :
     Pandoc (>= 1.12.3) and/or pandoc-citeproc not available. Falling back to R Markdown v1.
    Loading required package: shiny
    Loading required package: shinythemes
    Loading required package: plyr
    --- finished re-building ‘kgc-vignette.Rmd’
    
    SUMMARY: processing the following file failed:
     ‘kgc-fine.Rmd’
    
    Error: Vignette re-building failed.
    Execution halted
Flavor: r-patched-solaris-x86