CRAN Package Check Results for Package kmconfband

Last updated on 2020-06-02 01:55:34 CEST.

Flavor Version Tinstall Tcheck Ttotal Status Flags
r-devel-linux-x86_64-debian-clang 0.1 7.29 57.54 64.83 NOTE
r-devel-linux-x86_64-debian-gcc 0.1 5.86 44.92 50.78 NOTE
r-devel-linux-x86_64-fedora-clang 0.1 85.66 NOTE
r-devel-linux-x86_64-fedora-gcc 0.1 77.74 NOTE
r-devel-windows-ix86+x86_64 0.1 16.00 92.00 108.00 NOTE
r-patched-linux-x86_64 0.1 6.87 57.57 64.44 NOTE
r-patched-solaris-x86 0.1 120.30 NOTE
r-release-linux-x86_64 0.1 7.73 57.20 64.93 NOTE
r-release-osx-x86_64 0.1 NOTE
r-release-windows-ix86+x86_64 0.1 16.00 102.00 118.00 NOTE
r-oldrel-osx-x86_64 0.1 NOTE
r-oldrel-windows-ix86+x86_64 0.1 13.00 67.00 80.00 NOTE

Check Details

Version: 0.1
Check: DESCRIPTION meta-information
Result: NOTE
    Malformed Description field: should contain one or more complete sentences.
Flavors: r-devel-linux-x86_64-debian-clang, r-devel-linux-x86_64-debian-gcc, r-devel-linux-x86_64-fedora-clang, r-devel-linux-x86_64-fedora-gcc, r-devel-windows-ix86+x86_64, r-patched-linux-x86_64, r-patched-solaris-x86, r-release-linux-x86_64, r-release-osx-x86_64, r-release-windows-ix86+x86_64, r-oldrel-osx-x86_64, r-oldrel-windows-ix86+x86_64

Version: 0.1
Check: R code for possible problems
Result: NOTE
    noe.compute.pv: no visible global function definition for 'punif'
    Undefined global functions or variables:
     punif
    Consider adding
     importFrom("stats", "punif")
    to your NAMESPACE file.
Flavors: r-devel-linux-x86_64-debian-clang, r-devel-linux-x86_64-debian-gcc, r-devel-linux-x86_64-fedora-clang, r-devel-linux-x86_64-fedora-gcc, r-devel-windows-ix86+x86_64, r-patched-linux-x86_64, r-patched-solaris-x86, r-release-linux-x86_64, r-release-osx-x86_64, r-release-windows-ix86+x86_64, r-oldrel-osx-x86_64, r-oldrel-windows-ix86+x86_64