CRAN Package Check Results for Package knitr

Last updated on 2020-05-25 01:48:55 CEST.

Flavor Version Tinstall Tcheck Ttotal Status Flags
r-devel-linux-x86_64-debian-clang 1.28 13.50 84.43 97.93 OK
r-devel-linux-x86_64-debian-gcc 1.28 8.34 66.80 75.14 OK
r-devel-linux-x86_64-fedora-clang 1.28 120.05 OK
r-devel-linux-x86_64-fedora-gcc 1.28 133.56 OK
r-patched-linux-x86_64 1.28 10.25 85.42 95.67 OK
r-patched-solaris-x86 1.28 152.00 NOTE
r-release-linux-x86_64 1.28 10.32 86.25 96.57 OK
r-release-osx-x86_64 1.28 OK
r-release-windows-ix86+x86_64 1.28 22.00 169.00 191.00 OK
r-oldrel-osx-x86_64 1.28 OK
r-oldrel-windows-ix86+x86_64 1.28 17.00 138.00 155.00 OK

Check Details

Version: 1.28
Check: package dependencies
Result: NOTE
    Package suggested but not available for checking: ‘gifski’
Flavor: r-patched-solaris-x86