CRAN Package Check Results for Package knitr

Last updated on 2019-09-22 02:46:18 CEST.

Flavor Version Tinstall Tcheck Ttotal Status Flags
r-devel-linux-x86_64-debian-clang 1.25 11.69 80.03 91.72 OK
r-devel-linux-x86_64-debian-gcc 1.25 8.28 63.37 71.65 OK
r-devel-linux-x86_64-fedora-clang 1.25 115.84 OK
r-devel-linux-x86_64-fedora-gcc 1.25 115.65 OK
r-devel-windows-ix86+x86_64 1.25 27.00 113.00 140.00 OK
r-patched-linux-x86_64 1.25 9.93 79.07 89.00 OK
r-patched-solaris-x86 1.25 138.30 NOTE
r-release-linux-x86_64 1.25 11.89 79.94 91.83 OK
r-release-windows-ix86+x86_64 1.25 17.00 164.00 181.00 OK
r-release-osx-x86_64 1.25 OK
r-oldrel-windows-ix86+x86_64 1.24 48.00 100.00 148.00 OK
r-oldrel-osx-x86_64 1.25 OK

Check Details

Version: 1.25
Check: package dependencies
Result: NOTE
    Package suggested but not available for checking: ‘gifski’
Flavor: r-patched-solaris-x86