CRAN Package Check Results for Package labelled

Last updated on 2020-05-25 01:48:55 CEST.

Flavor Version Tinstall Tcheck Ttotal Status Flags
r-devel-linux-x86_64-debian-clang 2.3.1 5.01 52.17 57.18 OK
r-devel-linux-x86_64-debian-gcc 2.3.1 4.41 39.33 43.74 OK
r-devel-linux-x86_64-fedora-clang 2.3.1 79.03 ERROR
r-devel-linux-x86_64-fedora-gcc 2.3.1 69.24 OK
r-devel-windows-ix86+x86_64 2.3.1 16.00 66.00 82.00 OK
r-patched-linux-x86_64 2.3.1 5.22 50.67 55.89 OK
r-patched-solaris-x86 2.3.1 101.80 ERROR
r-release-linux-x86_64 2.3.1 5.86 51.58 57.44 OK
r-release-osx-x86_64 2.3.1 ERROR
r-release-windows-ix86+x86_64 2.3.1 20.00 91.00 111.00 OK
r-oldrel-osx-x86_64 2.3.1 OK
r-oldrel-windows-ix86+x86_64 2.3.1 11.00 81.00 92.00 OK

Check Details

Version: 2.3.1
Check: tests
Result: ERROR
     Running ‘testthat.R’
    Running the tests in ‘tests/testthat.R’ failed.
    Complete output:
     > library(testthat)
     > library(labelled)
     > test_check("labelled")
     ── 1. Failure: labelled return an object of class haven_labelled (@test-labelled
     class(x) not equal to "haven_labelled".
     Lengths differ: 3 is not 1
    
     ── 2. Failure: dplyr::recode could be applied to numeric labelled vector (@test-
     `x` not equal to labelled(c(1L, 2L, 2L), c(yes = 1, no = 2)).
     Attributes: < Component "class": Lengths (1, 3) differ (string compare on first 1) >
    
     ── 3. Failure: dplyr::recode could be applied to character labelled vector (@tes
     `x` not equal to labelled(c("a", "b", "b"), c(yes = "a", no = "b")).
     Attributes: < Component "class": Lengths (1, 3) differ (string compare on first 1) >
    
     ── 4. Failure: update_labelled update previous haven's labelled objects but not
     class(update_labelled(vhaven)) not equal to "haven_labelled".
     Lengths differ: 3 is not 1
    
     ── 5. Failure: update_labelled update previous haven's labelled objects but not
     class(update_labelled(df)$vhaven) not equal to "haven_labelled".
     Lengths differ: 3 is not 1
    
     ── 6. Failure: update_labelled update to haven_labelled_spss if there are na val
     class(update_labelled(v1)) not equal to c("haven_labelled_spss", "haven_labelled").
     Lengths differ: 4 is not 2
    
     ── 7. Failure: update_labelled update to haven_labelled_spss if there are na val
     class(update_labelled(v1)) not equal to c("haven_labelled_spss", "haven_labelled").
     Lengths differ: 4 is not 2
    
     ══ testthat results ═══════════════════════════════════════════════════════════
     [ OK: 76 | SKIPPED: 0 | WARNINGS: 0 | FAILED: 7 ]
     1. Failure: labelled return an object of class haven_labelled (@test-labelled.r#53)
     2. Failure: dplyr::recode could be applied to numeric labelled vector (@test-labelled.r#268)
     3. Failure: dplyr::recode could be applied to character labelled vector (@test-labelled.r#273)
     4. Failure: update_labelled update previous haven's labelled objects but not Hmisc's labelled objects (@test-labelled.r#282)
     5. Failure: update_labelled update previous haven's labelled objects but not Hmisc's labelled objects (@test-labelled.r#286)
     6. Failure: update_labelled update to haven_labelled_spss if there are na values (@test-labelled.r#296)
     7. Failure: update_labelled update to haven_labelled_spss if there are na values (@test-labelled.r#297)
    
     Error: testthat unit tests failed
     Execution halted
Flavor: r-devel-linux-x86_64-fedora-clang

Version: 2.3.1
Check: tests
Result: ERROR
     Running ‘testthat.R’ [5s/16s]
    Running the tests in ‘tests/testthat.R’ failed.
    Complete output:
     > library(testthat)
     > library(labelled)
     > test_check("labelled")
     ── 1. Failure: labelled return an object of class haven_labelled (@test-labelled
     class(x) not equal to "haven_labelled".
     Lengths differ: 3 is not 1
    
     ── 2. Failure: dplyr::recode could be applied to numeric labelled vector (@test-
     `x` not equal to labelled(c(1L, 2L, 2L), c(yes = 1, no = 2)).
     Attributes: < Component "class": Lengths (1, 3) differ (string compare on first 1) >
    
     ── 3. Failure: dplyr::recode could be applied to character labelled vector (@tes
     `x` not equal to labelled(c("a", "b", "b"), c(yes = "a", no = "b")).
     Attributes: < Component "class": Lengths (1, 3) differ (string compare on first 1) >
    
     ── 4. Failure: update_labelled update previous haven's labelled objects but not
     class(update_labelled(vhaven)) not equal to "haven_labelled".
     Lengths differ: 3 is not 1
    
     ── 5. Failure: update_labelled update previous haven's labelled objects but not
     class(update_labelled(df)$vhaven) not equal to "haven_labelled".
     Lengths differ: 3 is not 1
    
     ── 6. Failure: update_labelled update to haven_labelled_spss if there are na val
     class(update_labelled(v1)) not equal to c("haven_labelled_spss", "haven_labelled").
     Lengths differ: 4 is not 2
    
     ── 7. Failure: update_labelled update to haven_labelled_spss if there are na val
     class(update_labelled(v1)) not equal to c("haven_labelled_spss", "haven_labelled").
     Lengths differ: 4 is not 2
    
     ══ testthat results ═══════════════════════════════════════════════════════════
     [ OK: 76 | SKIPPED: 0 | WARNINGS: 0 | FAILED: 7 ]
     1. Failure: labelled return an object of class haven_labelled (@test-labelled.r#53)
     2. Failure: dplyr::recode could be applied to numeric labelled vector (@test-labelled.r#268)
     3. Failure: dplyr::recode could be applied to character labelled vector (@test-labelled.r#273)
     4. Failure: update_labelled update previous haven's labelled objects but not Hmisc's labelled objects (@test-labelled.r#282)
     5. Failure: update_labelled update previous haven's labelled objects but not Hmisc's labelled objects (@test-labelled.r#286)
     6. Failure: update_labelled update to haven_labelled_spss if there are na values (@test-labelled.r#296)
     7. Failure: update_labelled update to haven_labelled_spss if there are na values (@test-labelled.r#297)
    
     Error: testthat unit tests failed
     Execution halted
Flavor: r-patched-solaris-x86

Version: 2.3.1
Check: tests
Result: ERROR
     Running ‘testthat.R’ [0s/0s]
    Running the tests in ‘tests/testthat.R’ failed.
    Complete output:
     > library(testthat)
     Error in library(testthat) : there is no package called 'testthat'
     Execution halted
Flavor: r-release-osx-x86_64