CRAN Package Check Results for Package laercio

Last updated on 2020-09-28 01:49:01 CEST.

Flavor Version Tinstall Tcheck Ttotal Status Flags
r-devel-linux-x86_64-debian-clang 1.0-1 2.50 20.57 23.07 NOTE
r-devel-linux-x86_64-debian-gcc 1.0-1 1.79 16.28 18.07 NOTE
r-devel-linux-x86_64-fedora-clang 1.0-1 36.69 NOTE
r-devel-linux-x86_64-fedora-gcc 1.0-1 26.96 NOTE
r-devel-windows-ix86+x86_64 1.0-1 5.00 29.00 34.00 NOTE
r-patched-linux-x86_64 1.0-1 2.39 20.14 22.53 NOTE
r-patched-solaris-x86 1.0-1 41.20 NOTE
r-release-linux-x86_64 1.0-1 2.22 19.78 22.00 NOTE
r-release-macos-x86_64 1.0-1 NOTE
r-release-windows-ix86+x86_64 1.0-1 5.00 34.00 39.00 NOTE
r-oldrel-macos-x86_64 1.0-1 NOTE
r-oldrel-windows-ix86+x86_64 1.0-1 4.00 40.00 44.00 NOTE

Check Details

Version: 1.0-1
Check: DESCRIPTION meta-information
Result: NOTE
    Malformed Title field: should not end in a period.
Flavors: r-devel-linux-x86_64-debian-clang, r-devel-linux-x86_64-debian-gcc, r-devel-linux-x86_64-fedora-clang, r-devel-linux-x86_64-fedora-gcc, r-devel-windows-ix86+x86_64, r-patched-linux-x86_64, r-patched-solaris-x86, r-release-linux-x86_64, r-release-macos-x86_64, r-release-windows-ix86+x86_64, r-oldrel-macos-x86_64, r-oldrel-windows-ix86+x86_64

Version: 1.0-1
Check: R code for possible problems
Result: NOTE
    LDuncan.aov : prob: no visible global function definition for 'qtukey'
    LDuncan.aov: no visible global function definition for 'qtukey'
    LScottKnott.aov : sk: no visible global function definition for
     'pchisq'
    LScottKnott.aov: no visible global function definition for 'read.table'
    LTukey.aov: no visible global function definition for 'qtukey'
    Undefined global functions or variables:
     pchisq qtukey read.table
    Consider adding
     importFrom("stats", "pchisq", "qtukey")
     importFrom("utils", "read.table")
    to your NAMESPACE file.
Flavors: r-devel-linux-x86_64-debian-clang, r-devel-linux-x86_64-debian-gcc, r-devel-linux-x86_64-fedora-clang, r-devel-linux-x86_64-fedora-gcc, r-devel-windows-ix86+x86_64, r-patched-linux-x86_64, r-patched-solaris-x86, r-release-linux-x86_64, r-release-macos-x86_64, r-release-windows-ix86+x86_64, r-oldrel-macos-x86_64, r-oldrel-windows-ix86+x86_64