CRAN Package Check Results for Package lagsarlmtree

Last updated on 2020-05-31 01:48:43 CEST.

Flavor Version Tinstall Tcheck Ttotal Status Flags
r-devel-linux-x86_64-debian-clang 1.0-1 14.21 133.18 147.39 OK
r-devel-linux-x86_64-debian-gcc 1.0-1 13.82 102.30 116.12 OK
r-devel-linux-x86_64-fedora-clang 1.0-1 176.68 NOTE
r-devel-linux-x86_64-fedora-gcc 1.0-1 180.38 OK
r-devel-windows-ix86+x86_64 1.0-1 42.00 132.00 174.00 NOTE
r-patched-linux-x86_64 1.0-1 15.95 132.25 148.20 OK
r-patched-solaris-x86 1.0-1 267.80 NOTE
r-release-linux-x86_64 1.0-1 15.83 132.24 148.07 OK
r-release-osx-x86_64 1.0-1 NOTE
r-release-windows-ix86+x86_64 1.0-1 33.00 199.00 232.00 NOTE
r-oldrel-osx-x86_64 1.0-1 NOTE
r-oldrel-windows-ix86+x86_64 1.0-1 29.00 135.00 164.00 NOTE

Check Details

Version: 1.0-1
Check: installed package size
Result: NOTE
     installed size is 8.4Mb
     sub-directories of 1Mb or more:
     data 8.3Mb
Flavors: r-devel-linux-x86_64-fedora-clang, r-devel-windows-ix86+x86_64, r-patched-solaris-x86, r-release-osx-x86_64, r-release-windows-ix86+x86_64, r-oldrel-osx-x86_64, r-oldrel-windows-ix86+x86_64