CRAN Package Check Results for Package lagsarlmtree

Last updated on 2019-09-18 01:46:57 CEST.

Flavor Version Tinstall Tcheck Ttotal Status Flags
r-devel-linux-x86_64-debian-clang 1.0-1 8.76 86.26 95.02 OK
r-devel-linux-x86_64-debian-gcc 1.0-1 8.51 69.86 78.37 OK
r-devel-linux-x86_64-fedora-clang 1.0-1 116.67 NOTE
r-devel-linux-x86_64-fedora-gcc 1.0-1 117.79 OK
r-devel-windows-ix86+x86_64 1.0-1 29.00 100.00 129.00 NOTE
r-patched-linux-x86_64 1.0-1 8.70 87.45 96.15 OK
r-patched-solaris-x86 1.0-1 189.70 NOTE
r-release-linux-x86_64 1.0-1 9.44 87.68 97.12 OK
r-release-windows-ix86+x86_64 1.0-1 18.00 161.00 179.00 NOTE
r-release-osx-x86_64 1.0-1 NOTE
r-oldrel-windows-ix86+x86_64 1.0-1 21.00 92.00 113.00 NOTE
r-oldrel-osx-x86_64 1.0-1 NOTE

Check Details

Version: 1.0-1
Check: installed package size
Result: NOTE
     installed size is 8.4Mb
     sub-directories of 1Mb or more:
     data 8.3Mb
Flavors: r-devel-linux-x86_64-fedora-clang, r-devel-windows-ix86+x86_64, r-patched-solaris-x86, r-release-windows-ix86+x86_64, r-release-osx-x86_64, r-oldrel-windows-ix86+x86_64, r-oldrel-osx-x86_64