CRAN Package Check Results for Package lazyeval

Last updated on 2020-08-13 08:50:14 CEST.

Flavor Version Tinstall Tcheck Ttotal Status Flags
r-devel-linux-x86_64-debian-clang 0.2.2 2.71 31.04 33.75 OK
r-devel-linux-x86_64-debian-gcc 0.2.2 2.93 24.36 27.29 OK
r-devel-linux-x86_64-fedora-clang 0.2.2 50.17 OK
r-devel-linux-x86_64-fedora-gcc 0.2.2 41.03 OK
r-devel-windows-ix86+x86_64 0.2.2 21.00 64.00 85.00 OK
r-patched-linux-x86_64 0.2.2 2.34 30.98 33.32 OK
r-patched-solaris-x86 0.2.2 58.60 OK
r-release-linux-x86_64 0.2.2 2.51 30.62 33.13 OK
r-release-macos-x86_64 0.2.2 OK
r-release-windows-ix86+x86_64 0.2.2 24.00 75.00 99.00 OK
r-oldrel-macos-x86_64 0.2.2 ERROR
r-oldrel-windows-ix86+x86_64 0.2.2 30.00 50.00 80.00 OK

Check Details

Version: 0.2.2
Check: tests
Result: ERROR
     Running ‘testthat.R’ [0s/1s]
    Running the tests in ‘tests/testthat.R’ failed.
    Complete output:
     > library(testthat)
     Error: package or namespace load failed for 'testthat' in loadNamespace(i, c(lib.loc, .libPaths()), versionCheck = vI[[i]]):
     there is no package called 'rlang'
     Execution halted
Flavor: r-oldrel-macos-x86_64