CRAN Package Check Results for Package leaflet.extras

Last updated on 2020-04-08 01:49:00 CEST.

Flavor Version Tinstall Tcheck Ttotal Status Flags
r-devel-linux-x86_64-debian-clang 1.0.0 5.19 35.35 40.54 OK
r-devel-linux-x86_64-debian-gcc 1.0.0 3.89 28.19 32.08 OK
r-devel-linux-x86_64-fedora-clang 1.0.0 51.19 OK
r-devel-linux-x86_64-fedora-gcc 1.0.0 50.41 OK
r-devel-windows-ix86+x86_64 1.0.0 16.00 88.00 104.00 OK
r-devel-windows-ix86+x86_64-gcc8 1.0.0 16.00 57.00 73.00 OK
r-patched-linux-x86_64 1.0.0 4.84 34.97 39.81 OK
r-patched-solaris-x86 1.0.0 76.50 NOTE
r-release-linux-x86_64 1.0.0 3.37 32.57 35.94 OK
r-release-windows-ix86+x86_64 1.0.0 33.00 83.00 116.00 OK
r-release-osx-x86_64 1.0.0 OK
r-oldrel-windows-ix86+x86_64 1.0.0 11.00 54.00 65.00 OK
r-oldrel-osx-x86_64 1.0.0 OK

Check Details

Version: 1.0.0
Check: installed package size
Result: NOTE
     installed size is 5.5Mb
     sub-directories of 1Mb or more:
     htmlwidgets 4.2Mb
Flavor: r-patched-solaris-x86