CRAN Package Check Results for Package learningr

Last updated on 2020-06-03 01:50:50 CEST.

Flavor Version Tinstall Tcheck Ttotal Status Flags
r-devel-linux-x86_64-debian-clang 0.29.1 2.18 19.93 22.11 OK
r-devel-linux-x86_64-debian-gcc 0.29.1 1.53 16.11 17.64 OK
r-devel-linux-x86_64-fedora-clang 0.29.1 35.94 NOTE
r-devel-linux-x86_64-fedora-gcc 0.29.1 27.13 NOTE
r-devel-windows-ix86+x86_64 0.29.1 6.00 45.00 51.00 OK
r-patched-linux-x86_64 0.29.1 2.54 20.00 22.54 OK
r-patched-solaris-x86 0.29.1 42.50 NOTE
r-release-linux-x86_64 0.29.1 2.23 20.06 22.29 OK
r-release-osx-x86_64 0.29.1 NOTE
r-release-windows-ix86+x86_64 0.29.1 6.00 49.00 55.00 OK
r-oldrel-osx-x86_64 0.29.1 NOTE
r-oldrel-windows-ix86+x86_64 0.29.1 5.00 34.00 39.00 OK

Check Details

Version: 0.29.1
Check: data for non-ASCII characters
Result: NOTE
     Note: found 78 marked UTF-8 strings
Flavors: r-devel-linux-x86_64-fedora-clang, r-devel-linux-x86_64-fedora-gcc, r-patched-solaris-x86, r-release-osx-x86_64, r-oldrel-osx-x86_64