CRAN Package Check Results for Package learningr

Last updated on 2019-10-19 01:50:16 CEST.

Flavor Version Tinstall Tcheck Ttotal Status Flags
r-devel-linux-x86_64-debian-clang 0.29.1 2.06 18.63 20.69 OK
r-devel-linux-x86_64-debian-gcc 0.29.1 1.77 14.90 16.67 OK
r-devel-linux-x86_64-fedora-clang 0.29.1 26.05 NOTE
r-devel-linux-x86_64-fedora-gcc 0.29.1 24.90 NOTE
r-devel-windows-ix86+x86_64 0.29.1 8.00 31.00 39.00 OK
r-patched-linux-x86_64 0.29.1 1.93 18.14 20.07 OK
r-patched-solaris-x86 0.29.1 40.30 NOTE
r-release-linux-x86_64 0.29.1 1.84 18.30 20.14 OK
r-release-windows-ix86+x86_64 0.29.1 5.00 40.00 45.00 OK
r-release-osx-x86_64 0.29.1 NOTE
r-oldrel-windows-ix86+x86_64 0.29.1 3.00 31.00 34.00 OK
r-oldrel-osx-x86_64 0.29.1 NOTE

Check Details

Version: 0.29.1
Check: data for non-ASCII characters
Result: NOTE
     Note: found 78 marked UTF-8 strings
Flavors: r-devel-linux-x86_64-fedora-clang, r-devel-linux-x86_64-fedora-gcc, r-patched-solaris-x86, r-release-osx-x86_64, r-oldrel-osx-x86_64