CRAN Package Check Results for Package linERR

Last updated on 2020-07-12 18:49:59 CEST.

Flavor Version Tinstall Tcheck Ttotal Status Flags
r-devel-linux-x86_64-debian-clang 1.0 6.95 76.87 83.82 OK
r-devel-linux-x86_64-debian-gcc 1.0 6.13 62.24 68.37 OK
r-devel-linux-x86_64-fedora-clang 1.0 115.19 NOTE
r-devel-linux-x86_64-fedora-gcc 1.0 104.75 NOTE
r-devel-windows-ix86+x86_64 1.0 15.00 160.00 175.00 OK
r-patched-linux-x86_64 1.0 8.06 76.42 84.48 OK
r-patched-solaris-x86 1.0 173.90 OK
r-release-linux-x86_64 1.0 8.62 76.51 85.13 OK
r-release-macos-x86_64 1.0 OK
r-release-windows-ix86+x86_64 1.0 23.00 131.00 154.00 OK
r-oldrel-macos-x86_64 1.0 OK
r-oldrel-windows-ix86+x86_64 1.0 20.00 167.00 187.00 OK

Check Details

Version: 1.0
Check: compiled code
Result: NOTE
    File ‘linERR/libs/linERR.so’:
     Found no calls to: ‘R_registerRoutines’, ‘R_useDynamicSymbols’
    
    It is good practice to register native routines and to disable symbol
    search.
    
    See ‘Writing portable packages’ in the ‘Writing R Extensions’ manual.
Flavors: r-devel-linux-x86_64-fedora-clang, r-devel-linux-x86_64-fedora-gcc